Last updated on 2024-06-30 00:59:24 CEST.
Flavor | Version | Tinstall | Tcheck | Ttotal | Status | Flags |
---|---|---|---|---|---|---|
r-devel-linux-x86_64-debian-clang | 1.7.5 | 9.26 | 86.12 | 95.38 | NOTE | |
r-devel-linux-x86_64-debian-gcc | 1.7.5 | 9.05 | 63.02 | 72.07 | NOTE | |
r-devel-linux-x86_64-fedora-clang | 1.7.5 | 126.50 | NOTE | |||
r-devel-linux-x86_64-fedora-gcc | 1.7.5 | 132.75 | NOTE | |||
r-devel-windows-x86_64 | 1.7.5 | 11.00 | 96.00 | 107.00 | NOTE | |
r-patched-linux-x86_64 | 1.7.5 | 17.21 | 81.94 | 99.15 | NOTE | |
r-release-linux-x86_64 | 1.7.5 | 12.14 | 84.54 | 96.68 | NOTE | |
r-release-macos-arm64 | 1.7.5 | 37.00 | NOTE | |||
r-release-macos-x86_64 | 1.7.5 | 65.00 | NOTE | |||
r-release-windows-x86_64 | 1.7.5 | 14.00 | 93.00 | 107.00 | NOTE | |
r-oldrel-macos-arm64 | 1.7.5 | 47.00 | OK | |||
r-oldrel-macos-x86_64 | 1.7.5 | 101.00 | OK | |||
r-oldrel-windows-x86_64 | 1.7.5 | 11.00 | 105.00 | 116.00 | OK |
Version: 1.7.5
Check: Rd files
Result: NOTE
checkRd: (-1) tk.browse.Rd:29: Lost braces
29 | Single logical value, whether to wait for the interface window to be closed before unfreezing the R console. The \code{FALSE} default let you use R and the interface in parallel (see the 'Typing R commands while browsing' section below), the code{TRUE} value is used essentially in the stand alone version.
| ^
checkRd: (-1) tk.convert.Rd:17: Lost braces
17 | Single logical value, whether to wait for the interface window to be closed before unfreezing the R console. The \code{FALSE} default let you use R and the interface in parallel, the code{TRUE} is used essentially in the stand alone version.
| ^
checkRd: (-1) tk.tracks.Rd:8: Lost braces
8 | This function allows to load and edit the \code{\linkS4class{drawable.list}} object that is to be passed to \code{\link{tk.browse}} and code{\link{browsePlot}}, using a Tcl-tk interface
| ^
Flavors: r-devel-linux-x86_64-debian-clang, r-devel-linux-x86_64-debian-gcc, r-devel-linux-x86_64-fedora-clang, r-devel-linux-x86_64-fedora-gcc, r-devel-windows-x86_64, r-patched-linux-x86_64, r-release-linux-x86_64, r-release-macos-arm64, r-release-macos-x86_64, r-release-windows-x86_64