Last updated on 2024-06-30 00:59:24 CEST.
Flavor | Version | Tinstall | Tcheck | Ttotal | Status | Flags |
---|---|---|---|---|---|---|
r-devel-linux-x86_64-debian-clang | 1.5.1 | 4.64 | 43.24 | 47.88 | OK | |
r-devel-linux-x86_64-debian-gcc | 1.5.1 | 3.40 | 32.47 | 35.87 | OK | |
r-devel-linux-x86_64-fedora-clang | 1.5.1 | 60.56 | NOTE | |||
r-devel-linux-x86_64-fedora-gcc | 1.5.1 | 57.69 | OK | |||
r-devel-windows-x86_64 | 1.5.1 | 5.00 | 60.00 | 65.00 | OK | |
r-patched-linux-x86_64 | 1.5.1 | 5.84 | 42.34 | 48.18 | OK | |
r-release-linux-x86_64 | 1.5.1 | 3.94 | 42.50 | 46.44 | OK | |
r-release-macos-arm64 | 1.5.1 | 19.00 | OK | |||
r-release-macos-x86_64 | 1.5.1 | 42.00 | OK | |||
r-release-windows-x86_64 | 1.5.1 | 6.00 | 59.00 | 65.00 | OK | |
r-oldrel-macos-arm64 | 1.5.1 | 24.00 | OK | |||
r-oldrel-macos-x86_64 | 1.5.1 | 73.00 | OK | |||
r-oldrel-windows-x86_64 | 1.5.1 | 5.00 | 63.00 | 68.00 | OK |
Version: 1.5.1
Check: Rd cross-references
Result: NOTE
Undeclared package ‘sp’ in Rd xrefs
Flavor: r-devel-linux-x86_64-fedora-clang