Last updated on 2024-06-16 11:58:05 CEST.
Flavor | Version | Tinstall | Tcheck | Ttotal | Status | Flags |
---|---|---|---|---|---|---|
r-devel-linux-x86_64-debian-clang | 1.1.3 | 3.32 | 24.71 | 28.03 | OK | |
r-devel-linux-x86_64-debian-gcc | 1.1.3 | 2.36 | 19.19 | 21.55 | OK | |
r-devel-linux-x86_64-fedora-clang | 1.1.3 | 35.37 | NOTE | |||
r-devel-linux-x86_64-fedora-gcc | 1.1.3 | 33.78 | NOTE | |||
r-devel-windows-x86_64 | 1.1.3 | 5.00 | 44.00 | 49.00 | OK | |
r-patched-linux-x86_64 | 1.1.3 | 2.99 | 24.16 | 27.15 | OK | |
r-release-linux-x86_64 | 1.1.3 | 2.56 | 23.94 | 26.50 | OK | |
r-release-macos-arm64 | 1.1.3 | 17.00 | OK | |||
r-release-macos-x86_64 | 1.1.3 | 23.00 | OK | |||
r-release-windows-x86_64 | 1.1.3 | 6.00 | 46.00 | 52.00 | OK | |
r-oldrel-macos-arm64 | 1.1.3 | 18.00 | OK | |||
r-oldrel-macos-x86_64 | 1.1.3 | 20.00 | OK | |||
r-oldrel-windows-x86_64 | 1.1.3 | 6.00 | 47.00 | 53.00 | OK |
Version: 1.1.3
Check: compiled code
Result: NOTE
File ‘Rlof/libs/Rlof.so’:
Found no calls to: ‘R_registerRoutines’, ‘R_useDynamicSymbols’
It is good practice to register native routines and to disable symbol
search.
See ‘Writing portable packages’ in the ‘Writing R Extensions’ manual.
Flavors: r-devel-linux-x86_64-fedora-clang, r-devel-linux-x86_64-fedora-gcc