Last updated on 2024-06-30 00:59:24 CEST.
Flavor | Version | Tinstall | Tcheck | Ttotal | Status | Flags |
---|---|---|---|---|---|---|
r-devel-linux-x86_64-debian-clang | 0.7-2 | 8.72 | 44.87 | 53.59 | OK | |
r-devel-linux-x86_64-debian-gcc | 0.7-2 | 6.55 | 33.87 | 40.42 | OK | |
r-devel-linux-x86_64-fedora-clang | 0.7-2 | 74.83 | OK | |||
r-devel-linux-x86_64-fedora-gcc | 0.7-2 | 72.90 | OK | |||
r-devel-windows-x86_64 | 0.7-2 | 55.00 | 57.00 | 112.00 | OK | |
r-patched-linux-x86_64 | 0.7-2 | 9.08 | 43.69 | 52.77 | OK | |
r-release-linux-x86_64 | 0.7-2 | 8.15 | 43.60 | 51.75 | OK | |
r-release-macos-x86_64 | 0.7-2 | 53.00 | ERROR | |||
r-release-windows-x86_64 | 0.7-2 | 59.00 | 62.00 | 121.00 | OK | |
r-oldrel-macos-x86_64 | 0.7-2 | 64.00 | ERROR | |||
r-oldrel-windows-x86_64 | 0.7-2 | 57.00 | 70.00 | 127.00 | OK |
Version: 0.7-2
Check: whether package can be installed
Result: ERROR
Installation failed.
Flavors: r-release-macos-x86_64, r-oldrel-macos-x86_64