Last updated on 2024-06-30 00:59:24 CEST.
Flavor | Version | Tinstall | Tcheck | Ttotal | Status | Flags |
---|---|---|---|---|---|---|
r-devel-linux-x86_64-debian-clang | 1.3.2 | 44.13 | 208.76 | 252.89 | OK | |
r-devel-linux-x86_64-debian-gcc | 1.3.2 | 31.61 | 160.24 | 191.85 | OK | |
r-devel-linux-x86_64-fedora-clang | 1.3.2 | 349.08 | NOTE | |||
r-devel-linux-x86_64-fedora-gcc | 1.3.2 | 346.92 | NOTE | |||
r-devel-windows-x86_64 | 1.3.2 | 35.00 | 200.00 | 235.00 | OK | |
r-patched-linux-x86_64 | 1.3.2 | 38.88 | 203.95 | 242.83 | OK | |
r-release-linux-x86_64 | 1.3.2 | 27.40 | 201.86 | 229.26 | OK | |
r-release-macos-arm64 | 1.3.2 | 95.00 | OK | |||
r-release-macos-x86_64 | 1.3.2 | 227.00 | OK | |||
r-release-windows-x86_64 | 1.3.2 | 38.00 | 183.00 | 221.00 | OK | |
r-oldrel-macos-arm64 | 1.3.2 | 96.00 | NOTE | |||
r-oldrel-macos-x86_64 | 1.3.2 | 243.00 | OK | |||
r-oldrel-windows-x86_64 | 1.3.2 | 47.00 | 232.00 | 279.00 | OK |
Version: 1.3.2
Check: dependencies in R code
Result: NOTE
Namespace in Imports field not imported from: ‘impute’
All declared Imports should be used.
Flavors: r-devel-linux-x86_64-fedora-clang, r-devel-linux-x86_64-fedora-gcc
Version: 1.3.2
Check: installed package size
Result: NOTE
installed size is 5.1Mb
sub-directories of 1Mb or more:
doc 2.0Mb
libs 1.7Mb
Flavor: r-oldrel-macos-arm64