Last updated on 2024-06-30 00:59:24 CEST.
Flavor | Version | Tinstall | Tcheck | Ttotal | Status | Flags |
---|---|---|---|---|---|---|
r-devel-linux-x86_64-debian-clang | 1.0.2 | 30.64 | 122.04 | 152.68 | OK | |
r-devel-linux-x86_64-debian-gcc | 1.0.2 | 19.75 | 87.90 | 107.65 | OK | |
r-devel-linux-x86_64-fedora-clang | 1.0.2 | 207.56 | NOTE | |||
r-devel-linux-x86_64-fedora-gcc | 1.0.2 | 216.89 | OK | |||
r-devel-windows-x86_64 | 1.0.2 | 39.00 | 145.00 | 184.00 | OK | |
r-patched-linux-x86_64 | 1.0.2 | 24.27 | 117.63 | 141.90 | OK | |
r-release-linux-x86_64 | 1.0.2 | 25.59 | 117.61 | 143.20 | OK | |
r-release-macos-arm64 | 1.0.2 | 96.00 | OK | |||
r-release-macos-x86_64 | 1.0.2 | 139.00 | OK | |||
r-release-windows-x86_64 | 1.0.2 | 40.00 | 145.00 | 185.00 | OK | |
r-oldrel-macos-arm64 | 1.0.2 | 79.00 | OK | |||
r-oldrel-macos-x86_64 | 1.0.2 | 172.00 | OK | |||
r-oldrel-windows-x86_64 | 1.0.2 | 49.00 | 172.00 | 221.00 | OK |
Version: 1.0.2
Check: Rd cross-references
Result: NOTE
Undeclared package ‘extraDistr’ in Rd xrefs
Flavor: r-devel-linux-x86_64-fedora-clang