Last updated on 2024-06-30 00:59:24 CEST.
Flavor | Version | Tinstall | Tcheck | Ttotal | Status | Flags |
---|---|---|---|---|---|---|
r-devel-linux-x86_64-debian-clang | 1.2.1 | 13.64 | 34.33 | 47.97 | OK | |
r-devel-linux-x86_64-debian-gcc | 1.2.1 | 14.27 | 26.74 | 41.01 | OK | |
r-devel-linux-x86_64-fedora-clang | 1.2.1 | 67.71 | NOTE | |||
r-devel-linux-x86_64-fedora-gcc | 1.2.1 | 66.49 | OK | |||
r-devel-windows-x86_64 | 1.2.1 | 22.00 | 53.00 | 75.00 | NOTE | |
r-patched-linux-x86_64 | 1.2.1 | 12.28 | 32.80 | 45.08 | OK | |
r-release-linux-x86_64 | 1.2.1 | 17.15 | 37.06 | 54.21 | OK | |
r-release-macos-arm64 | 1.2.1 | 29.00 | NOTE | |||
r-release-macos-x86_64 | 1.2.1 | 53.00 | NOTE | |||
r-release-windows-x86_64 | 1.2.1 | 22.00 | 53.00 | 75.00 | NOTE | |
r-oldrel-macos-arm64 | 1.2.1 | 36.00 | NOTE | |||
r-oldrel-macos-x86_64 | 1.2.1 | 77.00 | NOTE | |||
r-oldrel-windows-x86_64 | 1.2.1 | 29.00 | 49.00 | 78.00 | NOTE |
Version: 1.2.1
Check: installed package size
Result: NOTE
installed size is 11.4Mb
sub-directories of 1Mb or more:
R 11.2Mb
Flavors: r-devel-linux-x86_64-fedora-clang, r-devel-windows-x86_64, r-release-macos-arm64, r-release-macos-x86_64, r-release-windows-x86_64, r-oldrel-macos-arm64, r-oldrel-macos-x86_64, r-oldrel-windows-x86_64