Last updated on 2024-06-16 11:58:06 CEST.
Flavor | Version | Tinstall | Tcheck | Ttotal | Status | Flags |
---|---|---|---|---|---|---|
r-devel-linux-x86_64-debian-clang | 1.0.2 | 425.76 | 101.68 | 527.44 | OK | |
r-devel-linux-x86_64-debian-gcc | 1.0.2 | 296.64 | 96.65 | 393.29 | OK | |
r-devel-linux-x86_64-fedora-clang | 1.0.2 | 750.79 | OK | |||
r-devel-linux-x86_64-fedora-gcc | 1.0.2 | 820.73 | OK | |||
r-devel-windows-x86_64 | 1.0.2 | 308.00 | 124.00 | 432.00 | OK | |
r-patched-linux-x86_64 | 1.0.2 | 353.85 | 119.29 | 473.14 | OK | |
r-release-linux-x86_64 | 1.0.2 | 374.29 | 118.56 | 492.85 | OK | |
r-release-macos-arm64 | 1.0.2 | 137.00 | NOTE | |||
r-release-macos-x86_64 | 1.0.2 | 128.00 | NOTE | |||
r-release-windows-x86_64 | 1.0.2 | 315.00 | 124.00 | 439.00 | OK | |
r-oldrel-macos-arm64 | 1.0.2 | 152.00 | NOTE | |||
r-oldrel-macos-x86_64 | 1.0.2 | 254.00 | NOTE | |||
r-oldrel-windows-x86_64 | 1.0.2 | 383.00 | 152.00 | 535.00 | OK |
Version: 1.0.2
Check: installed package size
Result: NOTE
installed size is 40.5Mb
sub-directories of 1Mb or more:
libs 40.3Mb
Flavors: r-release-macos-arm64, r-release-macos-x86_64, r-oldrel-macos-arm64, r-oldrel-macos-x86_64