Last updated on 2024-06-30 00:59:24 CEST.
Flavor | Version | Tinstall | Tcheck | Ttotal | Status | Flags |
---|---|---|---|---|---|---|
r-devel-linux-x86_64-debian-clang | 1.1.0 | 15.64 | 98.62 | 114.26 | OK | |
r-devel-linux-x86_64-debian-gcc | 1.1.0 | 9.98 | 72.57 | 82.55 | OK | |
r-devel-linux-x86_64-fedora-clang | 1.1.0 | 137.73 | NOTE | |||
r-devel-linux-x86_64-fedora-gcc | 1.1.0 | 131.49 | NOTE | |||
r-devel-windows-x86_64 | 1.1.0 | 12.00 | 87.00 | 99.00 | OK | |
r-patched-linux-x86_64 | 1.1.0 | 13.40 | 93.29 | 106.69 | OK | |
r-release-linux-x86_64 | 1.1.0 | 11.48 | 91.16 | 102.64 | OK | |
r-release-macos-arm64 | 1.1.0 | 40.00 | OK | |||
r-release-macos-x86_64 | 1.1.0 | 59.00 | OK | |||
r-release-windows-x86_64 | 1.1.0 | 13.00 | 87.00 | 100.00 | OK | |
r-oldrel-macos-arm64 | 1.1.0 | 42.00 | OK | |||
r-oldrel-macos-x86_64 | 1.1.0 | 65.00 | OK | |||
r-oldrel-windows-x86_64 | 1.1.0 | 15.00 | 106.00 | 121.00 | OK |
Version: 1.1.0
Check: dependencies in R code
Result: NOTE
Namespace in Imports field not imported from: ‘glmnet’
All declared Imports should be used.
Flavors: r-devel-linux-x86_64-fedora-clang, r-devel-linux-x86_64-fedora-gcc