Last updated on 2024-06-16 11:58:06 CEST.
Flavor | Version | Tinstall | Tcheck | Ttotal | Status | Flags |
---|---|---|---|---|---|---|
r-devel-linux-x86_64-debian-clang | 1.0.3 | 72.70 | 99.84 | 172.54 | NOTE | |
r-devel-linux-x86_64-debian-gcc | 1.0.3 | 54.16 | 73.79 | 127.95 | NOTE | |
r-devel-linux-x86_64-fedora-clang | 1.0.3 | 248.04 | NOTE | |||
r-devel-linux-x86_64-fedora-gcc | 1.0.3 | 243.25 | NOTE | |||
r-devel-windows-x86_64 | 1.0.3 | 66.00 | 104.00 | 170.00 | NOTE | |
r-patched-linux-x86_64 | 1.0.3 | 71.97 | 95.51 | 167.48 | NOTE | |
r-release-linux-x86_64 | 1.0.3 | 49.62 | 93.50 | 143.12 | NOTE | |
r-release-macos-arm64 | 1.0.3 | 57.00 | NOTE | |||
r-release-macos-x86_64 | 1.0.3 | 81.00 | NOTE | |||
r-release-windows-x86_64 | 1.0.3 | 67.00 | 108.00 | 175.00 | NOTE | |
r-oldrel-macos-arm64 | 1.0.3 | 66.00 | NOTE | |||
r-oldrel-macos-x86_64 | 1.0.3 | 109.00 | NOTE | |||
r-oldrel-windows-x86_64 | 1.0.3 | 80.00 | 135.00 | 215.00 | NOTE |
Version: 1.0.3
Check: C++ specification
Result: NOTE
Specified C++11: please drop specification unless essential
Flavors: r-devel-linux-x86_64-debian-clang, r-devel-linux-x86_64-debian-gcc, r-devel-linux-x86_64-fedora-clang, r-devel-linux-x86_64-fedora-gcc, r-devel-windows-x86_64, r-patched-linux-x86_64, r-release-linux-x86_64, r-release-macos-arm64, r-release-macos-x86_64, r-release-windows-x86_64, r-oldrel-macos-arm64, r-oldrel-macos-x86_64, r-oldrel-windows-x86_64
Version: 1.0.3
Check: for GNU extensions in Makefiles
Result: NOTE
GNU make is a SystemRequirements.
Flavors: r-devel-linux-x86_64-debian-clang, r-devel-linux-x86_64-debian-gcc, r-devel-linux-x86_64-fedora-clang, r-devel-linux-x86_64-fedora-gcc, r-devel-windows-x86_64, r-patched-linux-x86_64, r-release-linux-x86_64, r-release-macos-arm64, r-release-macos-x86_64, r-release-windows-x86_64, r-oldrel-macos-arm64, r-oldrel-macos-x86_64, r-oldrel-windows-x86_64
Version: 1.0.3
Check: dependencies in R code
Result: NOTE
Namespaces in Imports field not imported from:
‘httr’ ‘jsonlite’
All declared Imports should be used.
Flavors: r-devel-linux-x86_64-fedora-clang, r-devel-linux-x86_64-fedora-gcc