Last updated on 2024-06-16 11:58:06 CEST.
Flavor | Version | Tinstall | Tcheck | Ttotal | Status | Flags |
---|---|---|---|---|---|---|
r-devel-linux-x86_64-debian-clang | 0.1.1 | 42.12 | 79.50 | 121.62 | NOTE | |
r-devel-linux-x86_64-debian-gcc | 0.1.1 | 28.50 | 62.06 | 90.56 | NOTE | |
r-devel-linux-x86_64-fedora-clang | 0.1.1 | 157.02 | NOTE | |||
r-devel-linux-x86_64-fedora-gcc | 0.1.1 | 153.04 | NOTE | |||
r-devel-windows-x86_64 | 0.1.1 | 31.00 | 88.00 | 119.00 | NOTE | |
r-patched-linux-x86_64 | 0.1.1 | 34.73 | 78.64 | 113.37 | NOTE | |
r-release-linux-x86_64 | 0.1.1 | 34.02 | 76.26 | 110.28 | NOTE | |
r-release-macos-arm64 | 0.1.1 | 41.00 | NOTE | |||
r-release-macos-x86_64 | 0.1.1 | 69.00 | NOTE | |||
r-release-windows-x86_64 | 0.1.1 | 33.00 | 93.00 | 126.00 | NOTE | |
r-oldrel-macos-arm64 | 0.1.1 | 48.00 | NOTE | |||
r-oldrel-macos-x86_64 | 0.1.1 | 73.00 | NOTE | |||
r-oldrel-windows-x86_64 | 0.1.1 | 39.00 | 110.00 | 149.00 | NOTE |
Version: 0.1.1
Check: C++ specification
Result: NOTE
Specified C++11: please drop specification unless essential
Flavors: r-devel-linux-x86_64-debian-clang, r-devel-linux-x86_64-debian-gcc, r-devel-linux-x86_64-fedora-clang, r-devel-linux-x86_64-fedora-gcc, r-devel-windows-x86_64, r-patched-linux-x86_64, r-release-linux-x86_64, r-release-macos-arm64, r-release-macos-x86_64, r-release-windows-x86_64, r-oldrel-macos-arm64, r-oldrel-macos-x86_64, r-oldrel-windows-x86_64