Last updated on 2024-06-30 00:59:25 CEST.
Flavor | Version | Tinstall | Tcheck | Ttotal | Status | Flags |
---|---|---|---|---|---|---|
r-devel-linux-x86_64-debian-clang | 1.1.0 | 3.47 | 267.30 | 270.77 | OK | |
r-devel-linux-x86_64-debian-gcc | 1.1.0 | 2.36 | 177.65 | 180.01 | OK | |
r-devel-linux-x86_64-fedora-clang | 1.1.0 | 311.26 | NOTE | |||
r-devel-linux-x86_64-fedora-gcc | 1.1.0 | 310.71 | NOTE | |||
r-devel-windows-x86_64 | 1.1.0 | 4.00 | 164.00 | 168.00 | OK | |
r-patched-linux-x86_64 | 1.1.0 | 2.65 | 242.70 | 245.35 | OK | |
r-release-linux-x86_64 | 1.1.0 | 2.00 | 242.89 | 244.89 | OK | |
r-release-macos-arm64 | 1.1.0 | 82.00 | OK | |||
r-release-macos-x86_64 | 1.1.0 | 131.00 | OK | |||
r-release-windows-x86_64 | 1.1.0 | 5.00 | 166.00 | 171.00 | OK | |
r-oldrel-macos-arm64 | 1.1.0 | 86.00 | OK | |||
r-oldrel-macos-x86_64 | 1.1.0 | 169.00 | OK | |||
r-oldrel-windows-x86_64 | 1.1.0 | 5.00 | 232.00 | 237.00 | OK |
Version: 1.1.0
Check: dependencies in R code
Result: NOTE
Namespaces in Imports field not imported from:
‘devtools’ ‘mathjaxr’
All declared Imports should be used.
Flavors: r-devel-linux-x86_64-fedora-clang, r-devel-linux-x86_64-fedora-gcc