Last updated on 2024-06-30 00:59:25 CEST.
Flavor | Version | Tinstall | Tcheck | Ttotal | Status | Flags |
---|---|---|---|---|---|---|
r-devel-linux-x86_64-debian-clang | 2.7.3 | 40.81 | 353.20 | 394.01 | OK | |
r-devel-linux-x86_64-debian-gcc | 2.7.3 | 25.99 | 244.26 | 270.25 | OK | |
r-devel-linux-x86_64-fedora-clang | 2.7.3 | 457.86 | NOTE | |||
r-devel-linux-x86_64-fedora-gcc | 2.7.3 | 431.75 | NOTE | |||
r-devel-windows-x86_64 | 2.7.3 | 25.00 | 202.00 | 227.00 | OK | |
r-patched-linux-x86_64 | 2.7.3 | 32.83 | 331.63 | 364.46 | OK | |
r-release-linux-x86_64 | 2.7.3 | 19.34 | 325.01 | 344.35 | OK | |
r-release-macos-arm64 | 2.7.3 | 104.00 | OK | |||
r-release-macos-x86_64 | 2.7.3 | 161.00 | OK | |||
r-release-windows-x86_64 | 2.7.3 | 26.00 | 203.00 | 229.00 | OK | |
r-oldrel-macos-arm64 | 2.7.3 | 58.00 | OK | |||
r-oldrel-macos-x86_64 | 2.7.3 | 100.00 | OK | |||
r-oldrel-windows-x86_64 | 2.7.3 | 34.00 | 283.00 | 317.00 | OK |
Version: 2.7.3
Check: data for non-ASCII characters
Result: NOTE
Note: found 5 marked Latin-1 strings
Note: found 51869 marked UTF-8 strings
Flavors: r-devel-linux-x86_64-fedora-clang, r-devel-linux-x86_64-fedora-gcc