Last updated on 2024-06-30 00:59:26 CEST.
Flavor | Version | Tinstall | Tcheck | Ttotal | Status | Flags |
---|---|---|---|---|---|---|
r-devel-linux-x86_64-debian-clang | 0.1.1 | 29.50 | 79.97 | 109.47 | NOTE | |
r-devel-linux-x86_64-debian-gcc | 0.1.1 | 18.50 | 58.42 | 76.92 | NOTE | |
r-devel-linux-x86_64-fedora-clang | 0.1.1 | 143.64 | NOTE | |||
r-devel-linux-x86_64-fedora-gcc | 0.1.1 | 131.11 | NOTE | |||
r-devel-windows-x86_64 | 0.1.1 | 23.00 | 85.00 | 108.00 | NOTE | |
r-patched-linux-x86_64 | 0.1.1 | 26.12 | 75.95 | 102.07 | NOTE | |
r-release-linux-x86_64 | 0.1.1 | 23.51 | 76.03 | 99.54 | NOTE | |
r-release-macos-arm64 | 0.1.1 | 37.00 | NOTE | |||
r-release-macos-x86_64 | 0.1.1 | 56.00 | NOTE | |||
r-release-windows-x86_64 | 0.1.1 | 23.00 | 86.00 | 109.00 | NOTE | |
r-oldrel-macos-arm64 | 0.1.1 | 40.00 | NOTE | |||
r-oldrel-macos-x86_64 | 0.1.1 | 66.00 | NOTE | |||
r-oldrel-windows-x86_64 | 0.1.1 | 28.00 | 106.00 | 134.00 | NOTE |
Version: 0.1.1
Check: LazyData
Result: NOTE
'LazyData' is specified without a 'data' directory
Flavors: r-devel-linux-x86_64-debian-clang, r-devel-linux-x86_64-debian-gcc, r-devel-linux-x86_64-fedora-clang, r-devel-linux-x86_64-fedora-gcc, r-devel-windows-x86_64, r-patched-linux-x86_64, r-release-linux-x86_64, r-release-macos-arm64, r-release-macos-x86_64, r-release-windows-x86_64, r-oldrel-macos-arm64, r-oldrel-macos-x86_64, r-oldrel-windows-x86_64