Last updated on 2024-06-30 00:59:26 CEST.
Flavor | Version | Tinstall | Tcheck | Ttotal | Status | Flags |
---|---|---|---|---|---|---|
r-devel-linux-x86_64-debian-clang | 0.2.4 | 58.17 | 79.86 | 138.03 | OK | |
r-devel-linux-x86_64-debian-gcc | 0.2.4 | 46.19 | 62.61 | 108.80 | OK | |
r-devel-linux-x86_64-fedora-clang | 0.2.4 | 182.36 | OK | |||
r-devel-linux-x86_64-fedora-gcc | 0.2.4 | 196.25 | OK | |||
r-devel-windows-x86_64 | 0.2.4 | 44.00 | 92.00 | 136.00 | OK | |
r-patched-linux-x86_64 | 0.2.4 | 50.59 | 80.98 | 131.57 | OK | |
r-release-linux-x86_64 | 0.2.4 | 57.59 | 79.90 | 137.49 | OK | |
r-release-macos-arm64 | 0.2.4 | 50.00 | NOTE | |||
r-release-macos-x86_64 | 0.2.4 | 68.00 | NOTE | |||
r-release-windows-x86_64 | 0.2.4 | 51.00 | 95.00 | 146.00 | OK | |
r-oldrel-macos-arm64 | 0.2.4 | 52.00 | NOTE | |||
r-oldrel-macos-x86_64 | 0.2.4 | 71.00 | NOTE | |||
r-oldrel-windows-x86_64 | 0.2.4 | 58.00 | 116.00 | 174.00 | OK |
Version: 0.2.4
Check: installed package size
Result: NOTE
installed size is 15.5Mb
sub-directories of 1Mb or more:
libs 15.3Mb
Flavors: r-release-macos-arm64, r-release-macos-x86_64, r-oldrel-macos-arm64, r-oldrel-macos-x86_64