Last updated on 2024-06-30 00:59:26 CEST.
Flavor | Version | Tinstall | Tcheck | Ttotal | Status | Flags |
---|---|---|---|---|---|---|
r-devel-linux-x86_64-debian-clang | 0.0.5 | 20.07 | 189.68 | 209.75 | NOTE | |
r-devel-linux-x86_64-debian-gcc | 0.0.5 | 18.38 | 137.51 | 155.89 | NOTE | |
r-devel-linux-x86_64-fedora-clang | 0.0.5 | 262.43 | NOTE | |||
r-devel-linux-x86_64-fedora-gcc | 0.0.5 | 244.64 | NOTE | |||
r-devel-windows-x86_64 | 0.0.5 | 20.00 | 134.00 | 154.00 | NOTE | |
r-patched-linux-x86_64 | 0.0.5 | 21.10 | 175.85 | 196.95 | NOTE | |
r-release-linux-x86_64 | 0.0.5 | 18.48 | 172.09 | 190.57 | NOTE | |
r-release-macos-arm64 | 0.0.5 | 66.00 | NOTE | |||
r-release-macos-x86_64 | 0.0.5 | 105.00 | NOTE | |||
r-release-windows-x86_64 | 0.0.5 | 19.00 | 134.00 | 153.00 | NOTE | |
r-oldrel-macos-arm64 | 0.0.5 | 72.00 | NOTE | |||
r-oldrel-macos-x86_64 | 0.0.5 | 123.00 | NOTE | |||
r-oldrel-windows-x86_64 | 0.0.5 | 26.00 | 181.00 | 207.00 | NOTE |
Version: 0.0.5
Check: LazyData
Result: NOTE
'LazyData' is specified without a 'data' directory
Flavors: r-devel-linux-x86_64-debian-clang, r-devel-linux-x86_64-debian-gcc, r-devel-linux-x86_64-fedora-clang, r-devel-linux-x86_64-fedora-gcc, r-devel-windows-x86_64, r-patched-linux-x86_64, r-release-linux-x86_64, r-release-macos-arm64, r-release-macos-x86_64, r-release-windows-x86_64, r-oldrel-macos-arm64, r-oldrel-macos-x86_64, r-oldrel-windows-x86_64