Last updated on 2024-06-30 00:59:27 CEST.
Flavor | Version | Tinstall | Tcheck | Ttotal | Status | Flags |
---|---|---|---|---|---|---|
r-devel-linux-x86_64-debian-clang | 1.1.2 | 14.40 | 124.81 | 139.21 | OK | |
r-devel-linux-x86_64-debian-gcc | 1.1.2 | 12.63 | 92.23 | 104.86 | OK | |
r-devel-linux-x86_64-fedora-clang | 1.1.2 | 174.52 | NOTE | |||
r-devel-linux-x86_64-fedora-gcc | 1.1.2 | 161.66 | NOTE | |||
r-devel-windows-x86_64 | 1.1.2 | 15.00 | 100.00 | 115.00 | OK | |
r-patched-linux-x86_64 | 1.1.2 | 12.51 | 116.97 | 129.48 | OK | |
r-release-linux-x86_64 | 1.1.2 | 9.80 | 116.96 | 126.76 | OK | |
r-release-macos-arm64 | 1.1.2 | 43.00 | OK | |||
r-release-macos-x86_64 | 1.1.2 | 69.00 | OK | |||
r-release-windows-x86_64 | 1.1.2 | 15.00 | 100.00 | 115.00 | OK | |
r-oldrel-macos-arm64 | 1.1.2 | 51.00 | OK | |||
r-oldrel-macos-x86_64 | 1.1.2 | 84.00 | OK | |||
r-oldrel-windows-x86_64 | 1.1.2 | 18.00 | 129.00 | 147.00 | OK |
Version: 1.1.2
Check: dependencies in R code
Result: NOTE
Namespace in Imports field not imported from: ‘rlist’
All declared Imports should be used.
Flavors: r-devel-linux-x86_64-fedora-clang, r-devel-linux-x86_64-fedora-gcc