Last updated on 2024-06-30 00:59:27 CEST.
Flavor | Version | Tinstall | Tcheck | Ttotal | Status | Flags |
---|---|---|---|---|---|---|
r-devel-linux-x86_64-debian-clang | 0.2.9 | 58.82 | 608.35 | 667.17 | OK | |
r-devel-linux-x86_64-debian-gcc | 0.2.9 | 53.28 | 437.93 | 491.21 | OK | |
r-devel-linux-x86_64-fedora-clang | 0.2.9 | 865.04 | NOTE | |||
r-devel-linux-x86_64-fedora-gcc | 0.2.9 | 829.76 | OK | |||
r-devel-windows-x86_64 | 0.2.9 | 51.00 | 485.00 | 536.00 | OK | |
r-patched-linux-x86_64 | 0.2.9 | 62.18 | 581.93 | 644.11 | OK | |
r-release-linux-x86_64 | 0.2.9 | 63.97 | 583.94 | 647.91 | OK | |
r-release-macos-arm64 | 0.2.9 | 212.00 | OK | |||
r-release-macos-x86_64 | 0.2.9 | 337.00 | OK | |||
r-release-windows-x86_64 | 0.2.9 | 53.00 | 404.00 | 457.00 | OK | |
r-oldrel-macos-arm64 | 0.2.9 | 235.00 | OK | |||
r-oldrel-macos-x86_64 | 0.2.9 | 490.00 | OK | |||
r-oldrel-windows-x86_64 | 0.2.9 | 71.00 | 575.00 | 646.00 | OK |
Version: 0.2.9
Check: package dependencies
Result: NOTE
Imports includes 24 non-default packages.
Importing from so many packages makes the package vulnerable to any of
them becoming unavailable. Move as many as possible to Suggests and
use conditionally.
Flavor: r-devel-linux-x86_64-fedora-clang