Last updated on 2024-06-30 00:59:27 CEST.
Flavor | Version | Tinstall | Tcheck | Ttotal | Status | Flags |
---|---|---|---|---|---|---|
r-devel-linux-x86_64-debian-clang | 1.4.0 | 50.13 | 441.69 | 491.82 | NOTE | |
r-devel-linux-x86_64-debian-gcc | 1.4.0 | 42.61 | 305.81 | 348.42 | NOTE | |
r-devel-linux-x86_64-fedora-clang | 1.4.0 | 607.83 | NOTE | |||
r-devel-linux-x86_64-fedora-gcc | 1.4.0 | 582.76 | OK | |||
r-devel-windows-x86_64 | 1.4.0 | 48.00 | 408.00 | 456.00 | NOTE | |
r-patched-linux-x86_64 | 1.4.0 | 40.88 | 424.63 | 465.51 | NOTE | |
r-release-linux-x86_64 | 1.4.0 | 35.62 | 412.73 | 448.35 | NOTE | |
r-release-macos-arm64 | 1.4.0 | 120.00 | NOTE | |||
r-release-macos-x86_64 | 1.4.0 | 211.00 | NOTE | |||
r-release-windows-x86_64 | 1.4.0 | 43.00 | 269.00 | 312.00 | NOTE | |
r-oldrel-macos-arm64 | 1.4.0 | 141.00 | NOTE | |||
r-oldrel-macos-x86_64 | 1.4.0 | 293.00 | NOTE | |||
r-oldrel-windows-x86_64 | 1.4.0 | 60.00 | 360.00 | 420.00 | NOTE |
Version: 1.4.0
Check: package dependencies
Result: NOTE
Package suggested but not available for checking: ‘INLA’
Flavors: r-devel-linux-x86_64-debian-clang, r-devel-linux-x86_64-debian-gcc, r-patched-linux-x86_64, r-release-linux-x86_64, r-release-macos-arm64, r-release-macos-x86_64, r-oldrel-macos-arm64, r-oldrel-macos-x86_64, r-oldrel-windows-x86_64
Version: 1.4.0
Check: installed package size
Result: NOTE
installed size is 5.7Mb
sub-directories of 1Mb or more:
data 1.8Mb
doc 3.1Mb
Flavors: r-devel-linux-x86_64-fedora-clang, r-devel-windows-x86_64, r-release-macos-arm64, r-release-macos-x86_64, r-release-windows-x86_64, r-oldrel-macos-arm64, r-oldrel-macos-x86_64, r-oldrel-windows-x86_64