Last updated on 2024-06-30 00:59:26 CEST.
Flavor | Version | Tinstall | Tcheck | Ttotal | Status | Flags |
---|---|---|---|---|---|---|
r-devel-linux-x86_64-debian-clang | 5.0.2 | 74.68 | 248.86 | 323.54 | NOTE | |
r-devel-linux-x86_64-debian-gcc | 5.0.2 | 50.20 | 175.21 | 225.41 | NOTE | |
r-devel-linux-x86_64-fedora-clang | 5.0.2 | 396.84 | NOTE | |||
r-devel-linux-x86_64-fedora-gcc | 5.0.2 | 384.69 | NOTE | |||
r-devel-windows-x86_64 | 5.0.2 | 55.00 | 235.00 | 290.00 | NOTE | |
r-patched-linux-x86_64 | 5.0.2 | 58.87 | 235.11 | 293.98 | NOTE | |
r-release-linux-x86_64 | 5.0.2 | 55.30 | 234.36 | 289.66 | NOTE | |
r-release-macos-arm64 | 5.0.2 | 89.00 | NOTE | |||
r-release-macos-x86_64 | 5.0.2 | 137.00 | NOTE | |||
r-release-windows-x86_64 | 5.0.2 | 54.00 | 244.00 | 298.00 | NOTE | |
r-oldrel-macos-arm64 | 5.0.2 | 88.00 | NOTE | |||
r-oldrel-macos-x86_64 | 5.0.2 | 267.00 | NOTE | |||
r-oldrel-windows-x86_64 | 5.0.2 | 71.00 | 313.00 | 384.00 | NOTE |
Version: 5.0.2
Check: package dependencies
Result: NOTE
Package suggested but not available for checking: ‘BPCells’
Flavors: r-devel-linux-x86_64-debian-clang, r-devel-linux-x86_64-debian-gcc, r-devel-linux-x86_64-fedora-clang, r-devel-linux-x86_64-fedora-gcc, r-devel-windows-x86_64, r-patched-linux-x86_64, r-release-linux-x86_64, r-release-macos-arm64, r-release-macos-x86_64, r-release-windows-x86_64, r-oldrel-windows-x86_64
Version: 5.0.2
Check: Rd cross-references
Result: NOTE
Undeclared packages ‘plotly’, ‘cli’ in Rd xrefs
Flavor: r-devel-linux-x86_64-fedora-clang
Version: 5.0.2
Check: package dependencies
Result: NOTE
Packages suggested but not available for checking: 'HDF5Array', 'BPCells'
Flavors: r-oldrel-macos-arm64, r-oldrel-macos-x86_64