Last updated on 2024-06-16 11:58:07 CEST.
Flavor | Version | Tinstall | Tcheck | Ttotal | Status | Flags |
---|---|---|---|---|---|---|
r-devel-linux-x86_64-debian-clang | 1.0.1 | 12.79 | 97.28 | 110.07 | OK | |
r-devel-linux-x86_64-debian-gcc | 1.0.1 | 8.26 | 72.55 | 80.81 | OK | |
r-devel-linux-x86_64-fedora-clang | 1.0.1 | 131.63 | NOTE | |||
r-devel-linux-x86_64-fedora-gcc | 1.0.1 | 141.51 | NOTE | |||
r-devel-windows-x86_64 | 1.0.1 | 10.00 | 92.00 | 102.00 | NOTE | |
r-patched-linux-x86_64 | 1.0.1 | 7.55 | 92.01 | 99.56 | OK | |
r-release-linux-x86_64 | 1.0.1 | 7.35 | 96.27 | 103.62 | OK | |
r-release-macos-arm64 | 1.0.1 | 47.00 | NOTE | |||
r-release-macos-x86_64 | 1.0.1 | 71.00 | NOTE | |||
r-release-windows-x86_64 | 1.0.1 | 11.00 | 95.00 | 106.00 | NOTE | |
r-oldrel-macos-arm64 | 1.0.1 | 46.00 | NOTE | |||
r-oldrel-macos-x86_64 | 1.0.1 | 84.00 | NOTE | |||
r-oldrel-windows-x86_64 | 1.0.1 | 13.00 | 110.00 | 123.00 | NOTE |
Version: 1.0.1
Check: installed package size
Result: NOTE
installed size is 6.4Mb
sub-directories of 1Mb or more:
doc 1.7Mb
extdata 4.2Mb
Flavors: r-devel-linux-x86_64-fedora-clang, r-devel-windows-x86_64, r-release-macos-arm64, r-release-macos-x86_64, r-release-windows-x86_64, r-oldrel-macos-arm64, r-oldrel-macos-x86_64, r-oldrel-windows-x86_64
Version: 1.0.1
Check: data for non-ASCII characters
Result: NOTE
Note: found 14 marked UTF-8 strings
Flavors: r-devel-linux-x86_64-fedora-clang, r-devel-linux-x86_64-fedora-gcc