Last updated on 2024-06-16 11:58:07 CEST.
Flavor | Version | Tinstall | Tcheck | Ttotal | Status | Flags |
---|---|---|---|---|---|---|
r-devel-linux-x86_64-debian-clang | 0.2.2 | 32.35 | 471.43 | 503.78 | OK | |
r-devel-linux-x86_64-debian-gcc | 0.2.2 | 25.55 | 335.58 | 361.13 | OK | |
r-devel-linux-x86_64-fedora-clang | 0.2.2 | 606.39 | NOTE | |||
r-devel-linux-x86_64-fedora-gcc | 0.2.2 | 597.55 | OK | |||
r-devel-windows-x86_64 | 0.2.2 | 27.00 | 326.00 | 353.00 | OK | |
r-patched-linux-x86_64 | 0.2.2 | 34.70 | 440.49 | 475.19 | OK | |
r-release-linux-x86_64 | 0.2.2 | 25.98 | 436.99 | 462.97 | OK | |
r-release-macos-arm64 | 0.2.2 | 166.00 | OK | |||
r-release-macos-x86_64 | 0.2.2 | 259.00 | OK | |||
r-release-windows-x86_64 | 0.2.2 | 29.00 | 329.00 | 358.00 | OK | |
r-oldrel-macos-arm64 | 0.2.2 | 190.00 | OK | |||
r-oldrel-macos-x86_64 | 0.2.2 | 288.00 | OK | |||
r-oldrel-windows-x86_64 | 0.2.2 | 37.00 | 423.00 | 460.00 | OK |
Version: 0.2.2
Check: Rd cross-references
Result: NOTE
Undeclared packages ‘BinNonNor’, ‘PoisNor’, ‘PoisBinOrdNor’, ‘PoisBinOrdNonNor’ in Rd xrefs
Flavor: r-devel-linux-x86_64-fedora-clang