Last updated on 2024-06-16 11:58:07 CEST.
Flavor | Version | Tinstall | Tcheck | Ttotal | Status | Flags |
---|---|---|---|---|---|---|
r-devel-linux-x86_64-debian-clang | 1.0.1 | 55.19 | 151.17 | 206.36 | OK | |
r-devel-linux-x86_64-debian-gcc | 1.0.1 | 44.14 | 109.72 | 153.86 | OK | |
r-devel-linux-x86_64-fedora-clang | 1.0.1 | 269.33 | OK | |||
r-devel-linux-x86_64-fedora-gcc | 1.0.1 | 279.81 | OK | |||
r-devel-windows-x86_64 | 1.0.1 | 47.00 | 148.00 | 195.00 | OK | |
r-patched-linux-x86_64 | 1.0.1 | 36.56 | 139.23 | 175.79 | OK | |
r-release-linux-x86_64 | 1.0.1 | 39.15 | 139.98 | 179.13 | OK | |
r-release-macos-arm64 | 1.0.1 | 70.00 | NOTE | |||
r-release-macos-x86_64 | 1.0.1 | 110.00 | NOTE | |||
r-release-windows-x86_64 | 1.0.1 | 49.00 | 149.00 | 198.00 | OK | |
r-oldrel-macos-arm64 | 1.0.1 | 86.00 | NOTE | |||
r-oldrel-macos-x86_64 | 1.0.1 | 132.00 | NOTE | |||
r-oldrel-windows-x86_64 | 1.0.1 | 62.00 | 188.00 | 250.00 | OK |
Version: 1.0.1
Check: installed package size
Result: NOTE
installed size is 5.3Mb
sub-directories of 1Mb or more:
libs 4.4Mb
Flavors: r-release-macos-arm64, r-release-macos-x86_64, r-oldrel-macos-arm64, r-oldrel-macos-x86_64