Last updated on 2024-06-30 00:59:27 CEST.
Flavor | Version | Tinstall | Tcheck | Ttotal | Status | Flags |
---|---|---|---|---|---|---|
r-devel-linux-x86_64-debian-clang | 1.0.0 | 33.60 | 80.00 | 113.60 | NOTE | |
r-devel-linux-x86_64-debian-gcc | 1.0.0 | 30.42 | 61.00 | 91.42 | NOTE | |
r-devel-linux-x86_64-fedora-clang | 1.0.0 | 148.34 | NOTE | |||
r-devel-linux-x86_64-fedora-gcc | 1.0.0 | 145.16 | NOTE | |||
r-devel-windows-x86_64 | 1.0.0 | 35.00 | 86.00 | 121.00 | NOTE | |
r-patched-linux-x86_64 | 1.0.0 | 27.60 | 78.66 | 106.26 | NOTE | |
r-release-linux-x86_64 | 1.0.0 | 30.21 | 78.59 | 108.80 | NOTE | |
r-release-macos-arm64 | 1.0.0 | 57.00 | NOTE | |||
r-release-macos-x86_64 | 1.0.0 | 75.00 | NOTE | |||
r-release-windows-x86_64 | 1.0.0 | 35.00 | 85.00 | 120.00 | NOTE | |
r-oldrel-macos-arm64 | 1.0.0 | 58.00 | NOTE | |||
r-oldrel-macos-x86_64 | 1.0.0 | 73.00 | NOTE | |||
r-oldrel-windows-x86_64 | 1.0.0 | 36.00 | 98.00 | 134.00 | NOTE |
Version: 1.0.0
Check: package dependencies
Result: NOTE
Package suggested but not available for checking: ‘gridlayout’
Flavors: r-devel-linux-x86_64-debian-clang, r-devel-linux-x86_64-debian-gcc, r-devel-linux-x86_64-fedora-clang, r-devel-linux-x86_64-fedora-gcc, r-devel-windows-x86_64, r-patched-linux-x86_64, r-release-linux-x86_64, r-release-macos-arm64, r-release-macos-x86_64, r-release-windows-x86_64, r-oldrel-macos-arm64, r-oldrel-macos-x86_64, r-oldrel-windows-x86_64
Version: 1.0.0
Check: data for non-ASCII characters
Result: NOTE
Note: found 1562 marked UTF-8 strings
Flavors: r-devel-linux-x86_64-fedora-clang, r-devel-linux-x86_64-fedora-gcc
Version: 1.0.0
Check: installed package size
Result: NOTE
installed size is 5.4Mb
sub-directories of 1Mb or more:
data 4.8Mb
Flavors: r-release-macos-arm64, r-release-macos-x86_64, r-oldrel-macos-arm64, r-oldrel-macos-x86_64