Last updated on 2024-06-30 00:59:27 CEST.
Flavor | Version | Tinstall | Tcheck | Ttotal | Status | Flags |
---|---|---|---|---|---|---|
r-devel-linux-x86_64-debian-clang | 1.0.3 | 9.60 | 48.07 | 57.67 | NOTE | |
r-devel-linux-x86_64-debian-gcc | 1.0.3 | 6.85 | 35.68 | 42.53 | NOTE | |
r-devel-linux-x86_64-fedora-clang | 1.0.3 | 71.72 | NOTE | |||
r-devel-linux-x86_64-fedora-gcc | 1.0.3 | 71.24 | NOTE | |||
r-devel-windows-x86_64 | 1.0.3 | 10.00 | 56.00 | 66.00 | OK | |
r-patched-linux-x86_64 | 1.0.3 | 6.67 | 45.88 | 52.55 | NOTE | |
r-release-linux-x86_64 | 1.0.3 | 5.64 | 46.34 | 51.98 | NOTE | |
r-release-macos-arm64 | 1.0.3 | 26.00 | NOTE | |||
r-release-macos-x86_64 | 1.0.3 | 38.00 | NOTE | |||
r-release-windows-x86_64 | 1.0.3 | 10.00 | 55.00 | 65.00 | OK | |
r-oldrel-macos-arm64 | 1.0.3 | 24.00 | OK | |||
r-oldrel-macos-x86_64 | 1.0.3 | 42.00 | OK | |||
r-oldrel-windows-x86_64 | 1.0.3 | 10.00 | 62.00 | 72.00 | OK |
Version: 1.0.3
Check: package dependencies
Result: NOTE
Package suggested but not available for checking: ‘cooltools’
Flavors: r-devel-linux-x86_64-debian-clang, r-devel-linux-x86_64-debian-gcc, r-devel-linux-x86_64-fedora-gcc, r-patched-linux-x86_64, r-release-linux-x86_64, r-release-macos-arm64, r-release-macos-x86_64
Version: 1.0.3
Check: Rd cross-references
Result: NOTE
Unknown package ‘cooltools’ in Rd xrefs
Flavors: r-devel-linux-x86_64-debian-clang, r-devel-linux-x86_64-debian-gcc, r-devel-linux-x86_64-fedora-clang, r-devel-linux-x86_64-fedora-gcc, r-patched-linux-x86_64, r-release-linux-x86_64, r-release-macos-arm64, r-release-macos-x86_64
Version: 1.0.3
Check: package dependencies
Result: NOTE
Package suggested but not available for checking: ‘cooltools’
Imports includes 35 non-default packages.
Importing from so many packages makes the package vulnerable to any of
them becoming unavailable. Move as many as possible to Suggests and
use conditionally.
Flavor: r-devel-linux-x86_64-fedora-clang
Version: 1.0.3
Check: data for non-ASCII characters
Result: NOTE
Note: found 17 marked UTF-8 strings
Flavors: r-devel-linux-x86_64-fedora-clang, r-devel-linux-x86_64-fedora-gcc