Last updated on 2024-06-30 00:59:27 CEST.
Flavor | Version | Tinstall | Tcheck | Ttotal | Status | Flags |
---|---|---|---|---|---|---|
r-devel-linux-x86_64-debian-clang | 1.0.5 | 125.07 | 34.39 | 159.46 | OK | |
r-devel-linux-x86_64-debian-gcc | 1.0.5 | 82.40 | 26.32 | 108.72 | OK | |
r-devel-linux-x86_64-fedora-clang | 1.0.5 | 235.65 | OK | |||
r-devel-linux-x86_64-fedora-gcc | 1.0.5 | 248.03 | OK | |||
r-devel-windows-x86_64 | 1.0.5 | 103.00 | 69.00 | 172.00 | NOTE | |
r-patched-linux-x86_64 | 1.0.5 | 99.37 | 32.58 | 131.95 | OK | |
r-release-linux-x86_64 | 1.0.5 | 100.23 | 34.06 | 134.29 | OK | |
r-release-macos-arm64 | 1.0.5 | 48.00 | NOTE | |||
r-release-macos-x86_64 | 1.0.5 | 59.00 | NOTE | |||
r-release-windows-x86_64 | 1.0.5 | 99.00 | 66.00 | 165.00 | NOTE | |
r-oldrel-macos-arm64 | 1.0.5 | 58.00 | NOTE | |||
r-oldrel-macos-x86_64 | 1.0.5 | 100.00 | NOTE | |||
r-oldrel-windows-x86_64 | 1.0.5 | 122.00 | 76.00 | 198.00 | NOTE |
Version: 1.0.5
Check: C++ specification
Result: NOTE
Specified C++11: please drop specification unless essential
Flavors: r-devel-windows-x86_64, r-release-windows-x86_64, r-oldrel-windows-x86_64
Version: 1.0.5
Check: installed package size
Result: NOTE
installed size is 5.1Mb
sub-directories of 1Mb or more:
libs 5.0Mb
Flavors: r-release-macos-arm64, r-release-macos-x86_64, r-oldrel-macos-arm64, r-oldrel-macos-x86_64