Last updated on 2024-06-30 00:59:27 CEST.
Flavor | Version | Tinstall | Tcheck | Ttotal | Status | Flags |
---|---|---|---|---|---|---|
r-devel-linux-x86_64-debian-clang | 0.1.2 | 42.05 | 79.34 | 121.39 | NOTE | |
r-devel-linux-x86_64-debian-gcc | 0.1.2 | 30.36 | 58.50 | 88.86 | NOTE | |
r-devel-linux-x86_64-fedora-clang | 0.1.2 | 159.14 | NOTE | |||
r-devel-linux-x86_64-fedora-gcc | 0.1.2 | 158.09 | NOTE | |||
r-devel-windows-x86_64 | 0.1.2 | 37.00 | 90.00 | 127.00 | NOTE | |
r-patched-linux-x86_64 | 0.1.2 | 42.40 | 74.81 | 117.21 | NOTE | |
r-release-linux-x86_64 | 0.1.2 | 35.44 | 73.26 | 108.70 | NOTE | |
r-release-macos-arm64 | 0.1.2 | 41.00 | NOTE | |||
r-release-macos-x86_64 | 0.1.2 | 56.00 | NOTE | |||
r-release-windows-x86_64 | 0.1.2 | 35.00 | 93.00 | 128.00 | NOTE | |
r-oldrel-macos-arm64 | 0.1.2 | 49.00 | NOTE | |||
r-oldrel-macos-x86_64 | 0.1.2 | 74.00 | NOTE | |||
r-oldrel-windows-x86_64 | 0.1.2 | 43.00 | 114.00 | 157.00 | NOTE |
Version: 0.1.2
Check: C++ specification
Result: NOTE
Specified C++11: please drop specification unless essential
Flavors: r-devel-linux-x86_64-debian-clang, r-devel-linux-x86_64-debian-gcc, r-devel-linux-x86_64-fedora-clang, r-devel-linux-x86_64-fedora-gcc, r-devel-windows-x86_64, r-patched-linux-x86_64, r-release-linux-x86_64, r-release-macos-arm64, r-release-macos-x86_64, r-release-windows-x86_64, r-oldrel-macos-arm64, r-oldrel-macos-x86_64, r-oldrel-windows-x86_64