Last updated on 2024-06-30 00:59:27 CEST.
Flavor | Version | Tinstall | Tcheck | Ttotal | Status | Flags |
---|---|---|---|---|---|---|
r-devel-linux-x86_64-debian-clang | 1.0.5 | 18.00 | 336.40 | 354.40 | OK | |
r-devel-linux-x86_64-debian-gcc | 1.0.5 | 12.88 | 254.72 | 267.60 | OK | |
r-devel-linux-x86_64-fedora-clang | 1.0.5 | 439.01 | NOTE | |||
r-devel-linux-x86_64-fedora-gcc | 1.0.5 | 458.94 | OK | |||
r-devel-windows-x86_64 | 1.0.5 | 15.00 | 398.00 | 413.00 | NOTE | |
r-patched-linux-x86_64 | 1.0.5 | 13.19 | 319.22 | 332.41 | OK | |
r-release-linux-x86_64 | 1.0.5 | 16.06 | 323.76 | 339.82 | OK | |
r-release-macos-arm64 | 1.0.5 | 87.00 | NOTE | |||
r-release-macos-x86_64 | 1.0.5 | 139.00 | NOTE | |||
r-release-windows-x86_64 | 1.0.5 | 15.00 | 155.00 | 170.00 | NOTE | |
r-oldrel-macos-arm64 | 1.0.5 | 97.00 | NOTE | |||
r-oldrel-macos-x86_64 | 1.0.5 | 164.00 | NOTE | |||
r-oldrel-windows-x86_64 | 1.0.5 | 18.00 | 198.00 | 216.00 | NOTE |
Version: 1.0.5
Check: installed package size
Result: NOTE
installed size is 5.7Mb
sub-directories of 1Mb or more:
doc 5.0Mb
Flavors: r-devel-linux-x86_64-fedora-clang, r-devel-windows-x86_64, r-release-macos-arm64, r-release-macos-x86_64, r-release-windows-x86_64, r-oldrel-macos-arm64, r-oldrel-macos-x86_64, r-oldrel-windows-x86_64