Last updated on 2024-06-30 00:59:27 CEST.
Flavor | Version | Tinstall | Tcheck | Ttotal | Status | Flags |
---|---|---|---|---|---|---|
r-devel-linux-x86_64-debian-clang | 0.2.2 | 10.05 | 90.96 | 101.01 | NOTE | |
r-devel-linux-x86_64-debian-gcc | 0.2.2 | 10.02 | 66.34 | 76.36 | NOTE | |
r-devel-linux-x86_64-fedora-clang | 0.2.2 | 124.66 | NOTE | |||
r-devel-linux-x86_64-fedora-gcc | 0.2.2 | 118.43 | NOTE | |||
r-devel-windows-x86_64 | 0.2.2 | 10.00 | 77.00 | 87.00 | NOTE | |
r-patched-linux-x86_64 | 0.2.2 | 9.79 | 85.78 | 95.57 | NOTE | |
r-release-linux-x86_64 | 0.2.2 | 9.73 | 84.06 | 93.79 | NOTE | |
r-release-macos-arm64 | 0.2.2 | 36.00 | NOTE | |||
r-release-macos-x86_64 | 0.2.2 | 53.00 | NOTE | |||
r-release-windows-x86_64 | 0.2.2 | 10.00 | 79.00 | 89.00 | NOTE | |
r-oldrel-macos-arm64 | 0.2.2 | 39.00 | NOTE | |||
r-oldrel-macos-x86_64 | 0.2.2 | 66.00 | NOTE | |||
r-oldrel-windows-x86_64 | 0.2.2 | 13.00 | 94.00 | 107.00 | NOTE |
Version: 0.2.2
Check: LazyData
Result: NOTE
'LazyData' is specified without a 'data' directory
Flavors: r-devel-linux-x86_64-debian-clang, r-devel-linux-x86_64-debian-gcc, r-devel-linux-x86_64-fedora-clang, r-devel-linux-x86_64-fedora-gcc, r-devel-windows-x86_64, r-patched-linux-x86_64, r-release-linux-x86_64, r-release-macos-arm64, r-release-macos-x86_64, r-release-windows-x86_64, r-oldrel-macos-arm64, r-oldrel-macos-x86_64, r-oldrel-windows-x86_64