Last updated on 2024-06-30 00:59:28 CEST.
Flavor | Version | Tinstall | Tcheck | Ttotal | Status | Flags |
---|---|---|---|---|---|---|
r-devel-linux-x86_64-debian-clang | 1.1.2 | 8.68 | 69.48 | 78.16 | OK | |
r-devel-linux-x86_64-debian-gcc | 1.1.2 | 6.51 | 53.76 | 60.27 | OK | |
r-devel-linux-x86_64-fedora-clang | 1.1.2 | 98.76 | WARN | |||
r-devel-linux-x86_64-fedora-gcc | 1.1.2 | 96.25 | NOTE | |||
r-devel-windows-x86_64 | 1.1.2 | 8.00 | 79.00 | 87.00 | OK | |
r-patched-linux-x86_64 | 1.1.2 | 7.07 | 67.86 | 74.93 | OK | |
r-release-linux-x86_64 | 1.1.2 | 7.23 | 69.19 | 76.42 | OK | |
r-release-macos-arm64 | 1.1.2 | 31.00 | OK | |||
r-release-macos-x86_64 | 1.1.2 | 51.00 | OK | |||
r-release-windows-x86_64 | 1.1.2 | 9.00 | 78.00 | 87.00 | OK | |
r-oldrel-macos-arm64 | 1.1.2 | 44.00 | OK | |||
r-oldrel-macos-x86_64 | 1.1.2 | 64.00 | OK | |||
r-oldrel-windows-x86_64 | 1.1.2 | 11.00 | 92.00 | 103.00 | OK |
Version: 1.1.2
Check: if this is a source package
Result: WARN
Subdirectory ‘SynchWave/src’ contains apparent object files/libraries
synsq_cwt_squeez.o
Object files/libraries should not be included in a source package.
Flavor: r-devel-linux-x86_64-fedora-clang
Version: 1.1.2
Check: compiled code
Result: NOTE
File ‘SynchWave/libs/SynchWave.so’:
Found no calls to: ‘R_registerRoutines’, ‘R_useDynamicSymbols’
It is good practice to register native routines and to disable symbol
search.
See ‘Writing portable packages’ in the ‘Writing R Extensions’ manual.
See section ‘Moving into C API compliance’ in the ‘Writing R
Extensions’ manual for issues with use of non-API entry points.
Flavors: r-devel-linux-x86_64-fedora-clang, r-devel-linux-x86_64-fedora-gcc