Last updated on 2024-06-30 00:59:28 CEST.
Flavor | Version | Tinstall | Tcheck | Ttotal | Status | Flags |
---|---|---|---|---|---|---|
r-devel-linux-x86_64-debian-clang | 2018.5-1 | 271.29 | 23.37 | 294.66 | NOTE | |
r-devel-linux-x86_64-debian-gcc | 2018.5-1 | 158.38 | 18.18 | 176.56 | NOTE | |
r-devel-linux-x86_64-fedora-clang | 2018.5-1 | 465.06 | NOTE | |||
r-devel-linux-x86_64-fedora-gcc | 2018.5-1 | 416.87 | NOTE | |||
r-devel-windows-x86_64 | 2018.5-1 | 250.00 | 56.00 | 306.00 | NOTE | |
r-patched-linux-x86_64 | 2018.5-1 | 196.45 | 21.76 | 218.21 | NOTE | |
r-release-linux-x86_64 | 2018.5-1 | 199.51 | 22.05 | 221.56 | NOTE | |
r-release-macos-arm64 | 2018.5-1 | 60.00 | NOTE | |||
r-release-macos-x86_64 | 2018.5-1 | 56.00 | NOTE | |||
r-release-windows-x86_64 | 2018.5-1 | 238.00 | 59.00 | 297.00 | NOTE | |
r-oldrel-macos-arm64 | 2018.5-1 | 79.00 | OK | |||
r-oldrel-macos-x86_64 | 2018.5-1 | 147.00 | OK | |||
r-oldrel-windows-x86_64 | 2018.5-1 | 249.00 | 66.00 | 315.00 | OK |
Version: 2018.5-1
Check: Rd files
Result: NOTE
checkRd: (-1) TAQ-functions.Rd:119: Lost braces
119 | Brownlees, C. T., and Gallo, G. M. (2006). Financial Econometric Analysis at Ultra{--}High Frequency: Data Handling Concerns, \emph{Computational Statistics and Data Analysis} \bold{51}, 2232--2245.
| ^
checkRd: (-1) TAQ-package.Rd:59: Lost braces
59 | Brownlees, C. T., and Gallo, G. M. (2006). Financial Econometric Analysis at Ultra{--}High Frequency: Data Handling Concerns, \emph{Computational Statistics and Data Analysis} \bold{51}, 2232--2245.
| ^
Flavors: r-devel-linux-x86_64-debian-clang, r-devel-linux-x86_64-debian-gcc, r-devel-linux-x86_64-fedora-clang, r-devel-linux-x86_64-fedora-gcc, r-devel-windows-x86_64, r-patched-linux-x86_64, r-release-linux-x86_64, r-release-macos-arm64, r-release-macos-x86_64, r-release-windows-x86_64