Last updated on 2024-06-30 00:59:28 CEST.
Flavor | Version | Tinstall | Tcheck | Ttotal | Status | Flags |
---|---|---|---|---|---|---|
r-devel-linux-x86_64-debian-clang | 1.0.2 | 45.06 | 142.39 | 187.45 | NOTE | |
r-devel-linux-x86_64-debian-gcc | 1.0.2 | 35.10 | 107.26 | 142.36 | NOTE | |
r-devel-linux-x86_64-fedora-clang | 1.0.2 | 242.44 | NOTE | |||
r-devel-linux-x86_64-fedora-gcc | 1.0.2 | 262.04 | NOTE | |||
r-devel-windows-x86_64 | 1.0.2 | 41.00 | 144.00 | 185.00 | NOTE | |
r-patched-linux-x86_64 | 1.0.2 | 46.40 | 133.79 | 180.19 | NOTE | |
r-release-linux-x86_64 | 1.0.2 | 47.29 | 138.00 | 185.29 | NOTE | |
r-release-macos-arm64 | 1.0.2 | 72.00 | NOTE | |||
r-release-macos-x86_64 | 1.0.2 | 113.00 | NOTE | |||
r-release-windows-x86_64 | 1.0.2 | 43.00 | 166.00 | 209.00 | NOTE | |
r-oldrel-macos-arm64 | 1.0.2 | 91.00 | NOTE | |||
r-oldrel-macos-x86_64 | 1.0.2 | 124.00 | NOTE | |||
r-oldrel-windows-x86_64 | 1.0.2 | 51.00 | 174.00 | 225.00 | NOTE |
Version: 1.0.2
Check: C++ specification
Result: NOTE
Specified C++11: please drop specification unless essential
Flavors: r-devel-linux-x86_64-debian-clang, r-devel-linux-x86_64-debian-gcc, r-devel-linux-x86_64-fedora-clang, r-devel-linux-x86_64-fedora-gcc, r-devel-windows-x86_64, r-patched-linux-x86_64, r-release-linux-x86_64, r-release-macos-arm64, r-release-macos-x86_64, r-release-windows-x86_64, r-oldrel-macos-arm64, r-oldrel-macos-x86_64, r-oldrel-windows-x86_64
Version: 1.0.2
Check: LazyData
Result: NOTE
'LazyData' is specified without a 'data' directory
Flavors: r-devel-linux-x86_64-debian-clang, r-devel-linux-x86_64-debian-gcc, r-devel-linux-x86_64-fedora-clang, r-devel-linux-x86_64-fedora-gcc, r-devel-windows-x86_64, r-patched-linux-x86_64, r-release-linux-x86_64, r-release-macos-arm64, r-release-macos-x86_64, r-release-windows-x86_64, r-oldrel-macos-arm64, r-oldrel-macos-x86_64, r-oldrel-windows-x86_64
Version: 1.0.2
Check: installed package size
Result: NOTE
installed size is 5.3Mb
sub-directories of 1Mb or more:
libs 5.1Mb
Flavor: r-oldrel-macos-arm64