Last updated on 2024-06-30 00:59:28 CEST.
Flavor | Version | Tinstall | Tcheck | Ttotal | Status | Flags |
---|---|---|---|---|---|---|
r-devel-linux-x86_64-debian-clang | 0.1.2 | 74.66 | 199.28 | 273.94 | NOTE | |
r-devel-linux-x86_64-debian-gcc | 0.1.2 | 53.61 | 145.93 | 199.54 | NOTE | |
r-devel-linux-x86_64-fedora-clang | 0.1.2 | 378.07 | NOTE | |||
r-devel-linux-x86_64-fedora-gcc | 0.1.2 | 351.75 | NOTE | |||
r-devel-windows-x86_64 | 0.1.2 | 65.00 | 163.00 | 228.00 | NOTE | |
r-patched-linux-x86_64 | 0.1.2 | 53.32 | 184.96 | 238.28 | NOTE | |
r-release-linux-x86_64 | 0.1.2 | 59.62 | 191.78 | 251.40 | NOTE | |
r-release-macos-arm64 | 0.1.2 | 75.00 | NOTE | |||
r-release-macos-x86_64 | 0.1.2 | 109.00 | NOTE | |||
r-release-windows-x86_64 | 0.1.2 | 61.00 | 163.00 | 224.00 | NOTE | |
r-oldrel-macos-arm64 | 0.1.2 | 91.00 | NOTE | |||
r-oldrel-macos-x86_64 | 0.1.2 | 158.00 | NOTE | |||
r-oldrel-windows-x86_64 | 0.1.2 | 77.00 | 213.00 | 290.00 | NOTE |
Version: 0.1.2
Check: C++ specification
Result: NOTE
Specified C++11: please drop specification unless essential
Flavors: r-devel-linux-x86_64-debian-clang, r-devel-linux-x86_64-debian-gcc, r-devel-linux-x86_64-fedora-clang, r-devel-linux-x86_64-fedora-gcc, r-devel-windows-x86_64, r-patched-linux-x86_64, r-release-linux-x86_64, r-release-macos-arm64, r-release-macos-x86_64, r-release-windows-x86_64, r-oldrel-macos-arm64, r-oldrel-macos-x86_64, r-oldrel-windows-x86_64
Version: 0.1.2
Check: Rd cross-references
Result: NOTE
Undeclared package ‘Rtsne’ in Rd xrefs
Flavor: r-devel-linux-x86_64-fedora-clang