Last updated on 2024-06-30 00:59:28 CEST.
Flavor | Version | Tinstall | Tcheck | Ttotal | Status | Flags |
---|---|---|---|---|---|---|
r-devel-linux-x86_64-debian-clang | 0.0.9 | 17.66 | 27.95 | 45.61 | NOTE | |
r-devel-linux-x86_64-debian-gcc | 0.0.9 | 12.07 | 21.15 | 33.22 | NOTE | |
r-devel-linux-x86_64-fedora-clang | 0.0.9 | 73.22 | NOTE | |||
r-devel-linux-x86_64-fedora-gcc | 0.0.9 | 60.96 | NOTE | |||
r-devel-windows-x86_64 | 0.0.9 | 17.00 | 62.00 | 79.00 | NOTE | |
r-patched-linux-x86_64 | 0.0.9 | 16.23 | 26.72 | 42.95 | NOTE | |
r-release-linux-x86_64 | 0.0.9 | 14.58 | 26.99 | 41.57 | NOTE | |
r-release-macos-arm64 | 0.0.9 | 22.00 | NOTE | |||
r-release-macos-x86_64 | 0.0.9 | 29.00 | NOTE | |||
r-release-windows-x86_64 | 0.0.9 | 17.00 | 67.00 | 84.00 | NOTE | |
r-oldrel-macos-arm64 | 0.0.9 | 23.00 | NOTE | |||
r-oldrel-macos-x86_64 | 0.0.9 | 36.00 | NOTE | |||
r-oldrel-windows-x86_64 | 0.0.9 | 18.00 | 68.00 | 86.00 | NOTE |
Version: 0.0.9
Check: C++ specification
Result: NOTE
Specified C++11: please drop specification unless essential
Flavors: r-devel-linux-x86_64-debian-clang, r-devel-linux-x86_64-debian-gcc, r-devel-linux-x86_64-fedora-clang, r-devel-linux-x86_64-fedora-gcc, r-devel-windows-x86_64, r-patched-linux-x86_64, r-release-linux-x86_64, r-release-macos-arm64, r-release-macos-x86_64, r-release-windows-x86_64, r-oldrel-macos-arm64, r-oldrel-macos-x86_64, r-oldrel-windows-x86_64