Last updated on 2024-06-16 11:58:09 CEST.
Flavor | Version | Tinstall | Tcheck | Ttotal | Status | Flags |
---|---|---|---|---|---|---|
r-devel-linux-x86_64-debian-clang | 1.0.1 | 13.48 | 191.27 | 204.75 | NOTE | |
r-devel-linux-x86_64-debian-gcc | 1.0.1 | 10.94 | 151.27 | 162.21 | NOTE | |
r-devel-linux-x86_64-fedora-clang | 1.0.1 | 254.79 | NOTE | |||
r-devel-linux-x86_64-fedora-gcc | 1.0.1 | 252.54 | NOTE | |||
r-devel-windows-x86_64 | 1.0.1 | 16.00 | 193.00 | 209.00 | NOTE | |
r-patched-linux-x86_64 | 1.0.1 | 18.65 | 190.31 | 208.96 | NOTE | |
r-release-linux-x86_64 | 1.0.1 | 14.80 | 196.50 | 211.30 | NOTE | |
r-release-macos-arm64 | 1.0.1 | 94.00 | NOTE | |||
r-release-macos-x86_64 | 1.0.1 | 128.00 | NOTE | |||
r-release-windows-x86_64 | 1.0.1 | 16.00 | 209.00 | 225.00 | NOTE | |
r-oldrel-macos-arm64 | 1.0.1 | 109.00 | OK | |||
r-oldrel-macos-x86_64 | 1.0.1 | 198.00 | OK | |||
r-oldrel-windows-x86_64 | 1.0.1 | 20.00 | 195.00 | 215.00 | OK |
Version: 1.0.1
Check: Rd files
Result: NOTE
checkRd: (-1) predict.tfunHDDC.Rd:31-39: Lost braces
31 | The teigen family. Stat Comput 22:1021{1029. <doi.org/10.1007/
| ^
Flavors: r-devel-linux-x86_64-debian-clang, r-devel-linux-x86_64-debian-gcc, r-devel-linux-x86_64-fedora-clang, r-devel-linux-x86_64-fedora-gcc, r-devel-windows-x86_64, r-patched-linux-x86_64, r-release-linux-x86_64, r-release-macos-arm64, r-release-macos-x86_64, r-release-windows-x86_64
Version: 1.0.1
Check: Rd cross-references
Result: NOTE
Undeclared package ‘teigen’ in Rd xrefs
Flavor: r-devel-linux-x86_64-fedora-clang