Last updated on 2024-06-30 00:59:28 CEST.
Flavor | Version | Tinstall | Tcheck | Ttotal | Status | Flags |
---|---|---|---|---|---|---|
r-devel-linux-x86_64-debian-clang | 0.3.0 | 9.18 | 83.66 | 92.84 | OK | |
r-devel-linux-x86_64-debian-gcc | 0.3.0 | 7.24 | 64.03 | 71.27 | OK | |
r-devel-linux-x86_64-fedora-clang | 0.3.0 | 113.07 | NOTE | |||
r-devel-linux-x86_64-fedora-gcc | 0.3.0 | 110.18 | NOTE | |||
r-devel-windows-x86_64 | 0.3.0 | 9.00 | 79.00 | 88.00 | OK | |
r-patched-linux-x86_64 | 0.3.0 | 8.58 | 81.59 | 90.17 | OK | |
r-release-linux-x86_64 | 0.3.0 | 7.18 | 79.83 | 87.01 | OK | |
r-release-macos-arm64 | 0.3.0 | 37.00 | OK | |||
r-release-macos-x86_64 | 0.3.0 | 53.00 | OK | |||
r-release-windows-x86_64 | 0.3.0 | 9.00 | 80.00 | 89.00 | OK | |
r-oldrel-macos-arm64 | 0.3.0 | 40.00 | OK | |||
r-oldrel-macos-x86_64 | 0.3.0 | 67.00 | OK | |||
r-oldrel-windows-x86_64 | 0.3.0 | 10.00 | 96.00 | 106.00 | OK |
Version: 0.3.0
Check: dependencies in R code
Result: NOTE
Namespace in Imports field not imported from: ‘hdi’
All declared Imports should be used.
Flavors: r-devel-linux-x86_64-fedora-clang, r-devel-linux-x86_64-fedora-gcc