Last updated on 2024-06-30 00:59:28 CEST.
Flavor | Version | Tinstall | Tcheck | Ttotal | Status | Flags |
---|---|---|---|---|---|---|
r-devel-linux-x86_64-debian-clang | 2.0.0 | 42.20 | 652.95 | 695.15 | OK | |
r-devel-linux-x86_64-debian-gcc | 2.0.0 | 33.30 | 481.25 | 514.55 | OK | |
r-devel-linux-x86_64-fedora-clang | 2.0.0 | 901.49 | NOTE | |||
r-devel-linux-x86_64-fedora-gcc | 2.0.0 | 921.64 | OK | |||
r-devel-windows-x86_64 | 2.0.0 | 42.00 | 644.00 | 686.00 | NOTE | |
r-patched-linux-x86_64 | 2.0.0 | 43.62 | 591.96 | 635.58 | OK | |
r-release-linux-x86_64 | 2.0.0 | 44.05 | 627.52 | 671.57 | OK | |
r-release-macos-arm64 | 2.0.0 | 296.00 | NOTE | |||
r-release-macos-x86_64 | 2.0.0 | 314.00 | NOTE | |||
r-release-windows-x86_64 | 2.0.0 | 44.00 | 632.00 | 676.00 | NOTE | |
r-oldrel-macos-arm64 | 2.0.0 | 10.00 | ERROR | |||
r-oldrel-macos-x86_64 | 2.0.0 | 14.00 | ERROR | |||
r-oldrel-windows-x86_64 | 2.0.0 | 53.00 | 841.00 | 894.00 | NOTE |
Version: 2.0.0
Check: package dependencies
Result: NOTE
Imports includes 36 non-default packages.
Importing from so many packages makes the package vulnerable to any of
them becoming unavailable. Move as many as possible to Suggests and
use conditionally.
Flavor: r-devel-linux-x86_64-fedora-clang
Version: 2.0.0
Check: installed package size
Result: NOTE
installed size is 6.4Mb
sub-directories of 1Mb or more:
data-tables 1.5Mb
doc 2.0Mb
help 1.2Mb
Flavors: r-devel-linux-x86_64-fedora-clang, r-devel-windows-x86_64, r-release-macos-arm64, r-release-macos-x86_64, r-release-windows-x86_64, r-oldrel-windows-x86_64
Version: 2.0.0
Check: package dependencies
Result: ERROR
Package required but not available: ‘EnhancedVolcano’
See section ‘The DESCRIPTION file’ in the ‘Writing R Extensions’
manual.
Flavors: r-oldrel-macos-arm64, r-oldrel-macos-x86_64