Last updated on 2024-06-30 00:59:28 CEST.
Flavor | Version | Tinstall | Tcheck | Ttotal | Status | Flags |
---|---|---|---|---|---|---|
r-devel-linux-x86_64-debian-clang | 1.1.1 | 9.57 | 69.14 | 78.71 | OK | |
r-devel-linux-x86_64-debian-gcc | 1.1.1 | 8.61 | 52.80 | 61.41 | OK | |
r-devel-linux-x86_64-fedora-clang | 1.1.1 | 99.63 | NOTE | |||
r-devel-linux-x86_64-fedora-gcc | 1.1.1 | 93.67 | NOTE | |||
r-devel-windows-x86_64 | 1.1.1 | 9.00 | 77.00 | 86.00 | OK | |
r-patched-linux-x86_64 | 1.1.1 | 11.13 | 66.97 | 78.10 | OK | |
r-release-linux-x86_64 | 1.1.1 | 10.25 | 67.12 | 77.37 | OK | |
r-release-macos-arm64 | 1.1.1 | 39.00 | OK | |||
r-release-macos-x86_64 | 1.1.1 | 69.00 | OK | |||
r-release-windows-x86_64 | 1.1.1 | 9.00 | 108.00 | 117.00 | OK | |
r-oldrel-macos-arm64 | 1.1.1 | 38.00 | OK | |||
r-oldrel-macos-x86_64 | 1.1.1 | 68.00 | OK | |||
r-oldrel-windows-x86_64 | 1.1.1 | 9.00 | 88.00 | 97.00 | OK |
Version: 1.1.1
Check: dependencies in R code
Result: NOTE
Namespace in Imports field not imported from: ‘utils’
All declared Imports should be used.
Flavors: r-devel-linux-x86_64-fedora-clang, r-devel-linux-x86_64-fedora-gcc