Last updated on 2024-06-30 00:59:28 CEST.
Flavor | Version | Tinstall | Tcheck | Ttotal | Status | Flags |
---|---|---|---|---|---|---|
r-devel-linux-x86_64-debian-clang | 1.1 | 4.25 | 52.03 | 56.28 | NOTE | |
r-devel-linux-x86_64-debian-gcc | 1.1 | 4.08 | 38.74 | 42.82 | NOTE | |
r-devel-linux-x86_64-fedora-clang | 1.1 | 72.53 | NOTE | |||
r-devel-linux-x86_64-fedora-gcc | 1.1 | 67.64 | NOTE | |||
r-devel-windows-x86_64 | 1.1 | 7.00 | 59.00 | 66.00 | NOTE | |
r-patched-linux-x86_64 | 1.1 | 5.35 | 48.58 | 53.93 | NOTE | |
r-release-linux-x86_64 | 1.1 | 3.92 | 50.16 | 54.08 | NOTE | |
r-release-macos-arm64 | 1.1 | 23.00 | NOTE | |||
r-release-macos-x86_64 | 1.1 | 36.00 | NOTE | |||
r-release-windows-x86_64 | 1.1 | 6.00 | 58.00 | 64.00 | NOTE | |
r-oldrel-macos-arm64 | 1.1 | 24.00 | NOTE | |||
r-oldrel-macos-x86_64 | 1.1 | 36.00 | NOTE | |||
r-oldrel-windows-x86_64 | 1.1 | 8.00 | 70.00 | 78.00 | NOTE |
Version: 1.1
Check: LazyData
Result: NOTE
'LazyData' is specified without a 'data' directory
Flavors: r-devel-linux-x86_64-debian-clang, r-devel-linux-x86_64-debian-gcc, r-devel-linux-x86_64-fedora-clang, r-devel-linux-x86_64-fedora-gcc, r-devel-windows-x86_64, r-patched-linux-x86_64, r-release-linux-x86_64, r-release-macos-arm64, r-release-macos-x86_64, r-release-windows-x86_64, r-oldrel-macos-arm64, r-oldrel-macos-x86_64, r-oldrel-windows-x86_64