Last updated on 2024-06-16 11:58:09 CEST.
Flavor | Version | Tinstall | Tcheck | Ttotal | Status | Flags |
---|---|---|---|---|---|---|
r-devel-linux-x86_64-debian-clang | 0.1.0 | 12.94 | 101.60 | 114.54 | OK | |
r-devel-linux-x86_64-debian-gcc | 0.1.0 | 9.38 | 77.06 | 86.44 | OK | |
r-devel-linux-x86_64-fedora-clang | 0.1.0 | 145.98 | NOTE | |||
r-devel-linux-x86_64-fedora-gcc | 0.1.0 | 132.99 | NOTE | |||
r-devel-windows-x86_64 | 0.1.0 | 11.00 | 103.00 | 114.00 | OK | |
r-patched-linux-x86_64 | 0.1.0 | 12.12 | 96.43 | 108.55 | OK | |
r-release-linux-x86_64 | 0.1.0 | 12.29 | 96.35 | 108.64 | OK | |
r-release-macos-arm64 | 0.1.0 | 41.00 | OK | |||
r-release-macos-x86_64 | 0.1.0 | 63.00 | OK | |||
r-release-windows-x86_64 | 0.1.0 | 11.00 | 105.00 | 116.00 | OK | |
r-oldrel-macos-arm64 | 0.1.0 | 43.00 | OK | |||
r-oldrel-macos-x86_64 | 0.1.0 | 102.00 | OK | |||
r-oldrel-windows-x86_64 | 0.1.0 | 15.00 | 177.00 | 192.00 | OK |
Version: 0.1.0
Check: data for non-ASCII characters
Result: NOTE
Note: found 1 marked UTF-8 string
Flavors: r-devel-linux-x86_64-fedora-clang, r-devel-linux-x86_64-fedora-gcc