Last updated on 2024-08-16 09:49:19 CEST.
Flavor | Version | Tinstall | Tcheck | Ttotal | Status | Flags |
---|---|---|---|---|---|---|
r-devel-linux-x86_64-debian-clang | 2.6.7 | 19.41 | 1025.08 | 1044.49 | NOTE | |
r-devel-linux-x86_64-debian-gcc | 2.6.7 | 12.58 | 717.76 | 730.34 | NOTE | |
r-devel-linux-x86_64-fedora-clang | 2.6.7 | 1678.76 | NOTE | |||
r-devel-linux-x86_64-fedora-gcc | 2.6.7 | 1609.85 | NOTE | |||
r-devel-windows-x86_64 | 2.6.7 | 19.00 | 555.00 | 574.00 | NOTE | |
r-patched-linux-x86_64 | 2.6.7 | 18.20 | 989.87 | 1008.07 | NOTE | |
r-release-linux-x86_64 | 2.6.7 | 16.75 | 962.06 | 978.81 | NOTE | |
r-release-macos-arm64 | 2.6.7 | 203.00 | NOTE | |||
r-release-macos-x86_64 | 2.6.7 | 414.00 | NOTE | |||
r-release-windows-x86_64 | 2.6.7 | 19.00 | 553.00 | 572.00 | NOTE | |
r-oldrel-macos-arm64 | 2.6.7 | 206.00 | NOTE | |||
r-oldrel-macos-x86_64 | 2.6.7 | 469.00 | NOTE | |||
r-oldrel-windows-x86_64 | 2.6.7 | 26.00 | 786.00 | 812.00 | NOTE |
Version: 2.6.7
Check: package dependencies
Result: NOTE
Packages suggested but not available for checking:
'CohortGenerator', 'Capr'
Flavors: r-devel-linux-x86_64-debian-clang, r-devel-linux-x86_64-debian-gcc, r-devel-linux-x86_64-fedora-clang, r-devel-linux-x86_64-fedora-gcc, r-devel-windows-x86_64, r-patched-linux-x86_64, r-release-linux-x86_64, r-release-macos-arm64, r-release-macos-x86_64, r-release-windows-x86_64, r-oldrel-macos-arm64, r-oldrel-macos-x86_64, r-oldrel-windows-x86_64