Last updated on 2024-06-30 00:59:29 CEST.
Flavor | Version | Tinstall | Tcheck | Ttotal | Status | Flags |
---|---|---|---|---|---|---|
r-devel-linux-x86_64-debian-clang | 1.5.1 | 55.91 | 420.51 | 476.42 | OK | |
r-devel-linux-x86_64-debian-gcc | 1.5.1 | 42.61 | 300.52 | 343.13 | OK | |
r-devel-linux-x86_64-fedora-clang | 1.5.1 | 595.24 | OK | |||
r-devel-linux-x86_64-fedora-gcc | 1.5.1 | 583.64 | OK | |||
r-devel-windows-x86_64 | 1.5.1 | 50.00 | 330.00 | 380.00 | NOTE | |
r-patched-linux-x86_64 | 1.5.1 | 55.41 | 405.96 | 461.37 | OK | |
r-release-linux-x86_64 | 1.5.1 | 35.46 | 410.07 | 445.53 | OK | |
r-release-macos-arm64 | 1.5.1 | 153.00 | NOTE | |||
r-release-macos-x86_64 | 1.5.1 | 234.00 | NOTE | |||
r-release-windows-x86_64 | 1.5.1 | 55.00 | 325.00 | 380.00 | NOTE | |
r-oldrel-macos-arm64 | 1.5.1 | 167.00 | NOTE | |||
r-oldrel-macos-x86_64 | 1.5.1 | 397.00 | NOTE | |||
r-oldrel-windows-x86_64 | 1.5.1 | 63.00 | 425.00 | 488.00 | NOTE |
Version: 1.5.1
Check: installed package size
Result: NOTE
installed size is 5.6Mb
sub-directories of 1Mb or more:
datasets 1.6Mb
doc 1.3Mb
libs 1.0Mb
Flavors: r-devel-windows-x86_64, r-release-macos-arm64, r-release-macos-x86_64, r-release-windows-x86_64, r-oldrel-macos-arm64, r-oldrel-macos-x86_64, r-oldrel-windows-x86_64