Last updated on 2024-06-30 00:59:29 CEST.
Flavor | Version | Tinstall | Tcheck | Ttotal | Status | Flags |
---|---|---|---|---|---|---|
r-devel-linux-x86_64-debian-clang | 1.3-42 | 11.68 | 115.65 | 127.33 | OK | |
r-devel-linux-x86_64-debian-gcc | 1.3-42 | 10.63 | 84.40 | 95.03 | OK | |
r-devel-linux-x86_64-fedora-clang | 1.3-42 | 165.82 | NOTE | |||
r-devel-linux-x86_64-fedora-gcc | 1.3-42 | 156.49 | OK | |||
r-devel-windows-x86_64 | 1.3-42 | 11.00 | 143.00 | 154.00 | OK | |
r-patched-linux-x86_64 | 1.3-42 | 16.53 | 107.81 | 124.34 | OK | |
r-release-linux-x86_64 | 1.3-42 | 8.07 | 108.16 | 116.23 | OK | |
r-release-macos-arm64 | 1.3-42 | 45.00 | OK | |||
r-release-macos-x86_64 | 1.3-42 | 82.00 | OK | |||
r-release-windows-x86_64 | 1.3-42 | 11.00 | 107.00 | 118.00 | OK | |
r-oldrel-macos-arm64 | 1.3-42 | 52.00 | OK | |||
r-oldrel-macos-x86_64 | 1.3-42 | 119.00 | OK | |||
r-oldrel-windows-x86_64 | 1.3-42 | 15.00 | 126.00 | 141.00 | OK |
Version: 1.3-42
Check: Rd cross-references
Result: NOTE
Undeclared packages ‘multcomp’, ‘agricolae’ in Rd xrefs
Flavor: r-devel-linux-x86_64-fedora-clang