Last updated on 2024-06-30 00:59:29 CEST.
Flavor | Version | Tinstall | Tcheck | Ttotal | Status | Flags |
---|---|---|---|---|---|---|
r-devel-linux-x86_64-debian-clang | 5.0.0 | 153.62 | 123.81 | 277.43 | OK | |
r-devel-linux-x86_64-debian-gcc | 5.0.0 | 122.62 | 89.65 | 212.27 | WARN | |
r-devel-linux-x86_64-fedora-clang | 5.0.0 | 343.55 | OK | |||
r-devel-linux-x86_64-fedora-gcc | 5.0.0 | 416.86 | WARN | |||
r-devel-windows-x86_64 | 5.0.0 | 116.00 | 158.00 | 274.00 | OK | |
r-patched-linux-x86_64 | 4.0.2 | 139.73 | 109.06 | 248.79 | OK | |
r-release-linux-x86_64 | 4.0.2 | 100.40 | 107.58 | 207.98 | OK | |
r-release-macos-arm64 | 5.0.0 | 96.00 | NOTE | |||
r-release-macos-x86_64 | 5.0.0 | 206.00 | NOTE | |||
r-release-windows-x86_64 | 4.0.2 | 109.00 | 137.00 | 246.00 | OK | |
r-oldrel-macos-arm64 | 5.0.0 | 121.00 | NOTE | |||
r-oldrel-macos-x86_64 | 5.0.0 | 195.00 | NOTE | |||
r-oldrel-windows-x86_64 | 5.0.0 | 107.00 | 178.00 | 285.00 | OK |
Version: 5.0.0
Check: whether package can be installed
Result: WARN
Found the following significant warnings:
ARIMAmodel.h:1728:33: warning: ‘%d’ directive output may be truncated writing between 1 and 10 bytes into a region of size 5 [-Wformat-truncation=]
stats.h:602:34: warning: ‘%*s’ directive output truncated writing 14 bytes into a region of size 10 [-Wformat-truncation=]
stats.h:599:34: warning: ‘%*s’ directive output truncated writing 14 bytes into a region of size 10 [-Wformat-truncation=]
See ‘/home/hornik/tmp/R.check/r-devel-gcc/Work/PKGS/UComp.Rcheck/00install.out’ for details.
* used C++ compiler: ‘g++-13 (Debian 13.3.0-1) 13.3.0’
Flavor: r-devel-linux-x86_64-debian-gcc
Version: 5.0.0
Check: whether package can be installed
Result: WARN
Found the following significant warnings:
ARIMAmodel.h:1728:33: warning: '%d' directive output may be truncated writing between 1 and 10 bytes into a region of size 5 [-Wformat-truncation=]
stats.h:602:34: warning: '%*s' directive output truncated writing 14 bytes into a region of size 10 [-Wformat-truncation=]
stats.h:599:34: warning: '%*s' directive output truncated writing 14 bytes into a region of size 10 [-Wformat-truncation=]
See ‘/data/gannet/ripley/R/packages/tests-devel/UComp.Rcheck/00install.out’ for details.
* used C++ compiler: ‘g++-14 (GCC) 14.1.0’
Flavor: r-devel-linux-x86_64-fedora-gcc
Version: 5.0.0
Check: installed package size
Result: NOTE
installed size is 22.2Mb
sub-directories of 1Mb or more:
libs 21.7Mb
Flavors: r-release-macos-arm64, r-release-macos-x86_64, r-oldrel-macos-arm64, r-oldrel-macos-x86_64