Last updated on 2024-06-30 00:59:29 CEST.
Flavor | Version | Tinstall | Tcheck | Ttotal | Status | Flags |
---|---|---|---|---|---|---|
r-devel-linux-x86_64-debian-clang | 0.0-3 | 58.33 | 80.75 | 139.08 | NOTE | |
r-devel-linux-x86_64-debian-gcc | 0.0-3 | 39.96 | 60.20 | 100.16 | NOTE | |
r-devel-linux-x86_64-fedora-clang | 0.0-3 | 184.55 | NOTE | |||
r-devel-linux-x86_64-fedora-gcc | 0.0-3 | 193.59 | NOTE | |||
r-devel-windows-x86_64 | 0.0-3 | 45.00 | 94.00 | 139.00 | NOTE | |
r-patched-linux-x86_64 | 0.0-3 | 47.07 | 75.55 | 122.62 | NOTE | |
r-release-linux-x86_64 | 0.0-3 | 51.42 | 75.12 | 126.54 | NOTE | |
r-release-macos-arm64 | 0.0-3 | 46.00 | NOTE | |||
r-release-macos-x86_64 | 0.0-3 | 71.00 | NOTE | |||
r-release-windows-x86_64 | 0.0-3 | 46.00 | 93.00 | 139.00 | NOTE | |
r-oldrel-macos-arm64 | 0.0-3 | 59.00 | NOTE | |||
r-oldrel-macos-x86_64 | 0.0-3 | 87.00 | NOTE | |||
r-oldrel-windows-x86_64 | 0.0-3 | 56.00 | 112.00 | 168.00 | NOTE |
Version: 0.0-3
Check: C++ specification
Result: NOTE
Specified C++11: please drop specification unless essential
Flavors: r-devel-linux-x86_64-debian-clang, r-devel-linux-x86_64-debian-gcc, r-devel-linux-x86_64-fedora-clang, r-devel-linux-x86_64-fedora-gcc, r-devel-windows-x86_64, r-patched-linux-x86_64, r-release-linux-x86_64, r-release-macos-arm64, r-release-macos-x86_64, r-release-windows-x86_64, r-oldrel-macos-arm64, r-oldrel-macos-x86_64, r-oldrel-windows-x86_64
Version: 0.0-3
Check: installed package size
Result: NOTE
installed size is 5.3Mb
sub-directories of 1Mb or more:
libs 5.1Mb
Flavor: r-oldrel-macos-arm64