Last updated on 2024-06-30 00:59:29 CEST.
Flavor | Version | Tinstall | Tcheck | Ttotal | Status | Flags |
---|---|---|---|---|---|---|
r-devel-linux-x86_64-debian-clang | 0.2.0 | 23.76 | 41.90 | 65.66 | OK | |
r-devel-linux-x86_64-debian-gcc | 0.2.0 | 22.67 | 32.81 | 55.48 | OK | |
r-devel-linux-x86_64-fedora-clang | 0.2.0 | 90.87 | NOTE | |||
r-devel-linux-x86_64-fedora-gcc | 0.2.0 | 88.88 | NOTE | |||
r-devel-windows-x86_64 | 0.2.0 | 23.00 | 65.00 | 88.00 | NOTE | |
r-patched-linux-x86_64 | 0.2.0 | 24.05 | 38.80 | 62.85 | OK | |
r-release-linux-x86_64 | 0.2.0 | 25.68 | 38.67 | 64.35 | OK | |
r-release-macos-arm64 | 0.2.0 | 38.00 | NOTE | |||
r-release-macos-x86_64 | 0.2.0 | 50.00 | NOTE | |||
r-release-windows-x86_64 | 0.2.0 | 23.00 | 65.00 | 88.00 | NOTE | |
r-oldrel-macos-arm64 | 0.2.0 | 40.00 | NOTE | |||
r-oldrel-macos-x86_64 | 0.2.0 | 101.00 | NOTE | |||
r-oldrel-windows-x86_64 | 0.2.0 | 22.00 | 69.00 | 91.00 | NOTE |
Version: 0.2.0
Check: installed package size
Result: NOTE
installed size is 7.0Mb
sub-directories of 1Mb or more:
data 6.9Mb
Flavors: r-devel-linux-x86_64-fedora-clang, r-devel-windows-x86_64, r-release-macos-arm64, r-release-macos-x86_64, r-release-windows-x86_64, r-oldrel-macos-arm64, r-oldrel-macos-x86_64, r-oldrel-windows-x86_64
Version: 0.2.0
Check: data for non-ASCII characters
Result: NOTE
Note: found 50 marked UTF-8 strings
Flavors: r-devel-linux-x86_64-fedora-clang, r-devel-linux-x86_64-fedora-gcc