Last updated on 2024-06-30 00:59:30 CEST.
Flavor | Version | Tinstall | Tcheck | Ttotal | Status | Flags |
---|---|---|---|---|---|---|
r-devel-linux-x86_64-debian-clang | 1.4.1 | 11.94 | 143.10 | 155.04 | NOTE | |
r-devel-linux-x86_64-debian-gcc | 1.4.1 | 10.81 | 108.15 | 118.96 | NOTE | |
r-devel-linux-x86_64-fedora-clang | 1.4.1 | 198.01 | NOTE | |||
r-devel-linux-x86_64-fedora-gcc | 1.4.1 | 201.15 | NOTE | |||
r-devel-windows-x86_64 | 1.4.1 | 12.00 | 113.00 | 125.00 | NOTE | |
r-patched-linux-x86_64 | 1.4.1 | 14.69 | 136.43 | 151.12 | NOTE | |
r-release-linux-x86_64 | 1.4.1 | 12.27 | 139.58 | 151.85 | NOTE | |
r-release-macos-arm64 | 1.4.1 | 57.00 | NOTE | |||
r-release-macos-x86_64 | 1.4.1 | 98.00 | NOTE | |||
r-release-windows-x86_64 | 1.4.1 | 13.00 | 116.00 | 129.00 | NOTE | |
r-oldrel-macos-arm64 | 1.4.1 | 62.00 | OK | |||
r-oldrel-macos-x86_64 | 1.4.1 | 100.00 | OK | |||
r-oldrel-windows-x86_64 | 1.4.1 | 15.00 | 144.00 | 159.00 | OK |
Version: 1.4.1
Check: Rd files
Result: NOTE
checkRd: (-1) fit.vfp.Rd:79: Lost braces in \itemize; meant \describe ?
checkRd: (-1) fit.vfp.Rd:80: Lost braces in \itemize; meant \describe ?
checkRd: (-1) fit.vfp.Rd:81: Lost braces in \itemize; meant \describe ?
checkRd: (-1) fit.vfp.Rd:82: Lost braces in \itemize; meant \describe ?
checkRd: (-1) fit.vfp.Rd:83: Lost braces in \itemize; meant \describe ?
checkRd: (-1) fit.vfp.Rd:84: Lost braces in \itemize; meant \describe ?
checkRd: (-1) fit.vfp.Rd:85: Lost braces in \itemize; meant \describe ?
checkRd: (-1) fit.vfp.Rd:86: Lost braces in \itemize; meant \describe ?
checkRd: (-1) fit.vfp.Rd:87: Lost braces in \itemize; meant \describe ?
checkRd: (-1) fit.vfp.Rd:88: Lost braces in \itemize; meant \describe ?
Flavors: r-devel-linux-x86_64-debian-clang, r-devel-linux-x86_64-debian-gcc, r-devel-linux-x86_64-fedora-clang, r-devel-linux-x86_64-fedora-gcc, r-devel-windows-x86_64, r-patched-linux-x86_64, r-release-linux-x86_64, r-release-macos-arm64, r-release-macos-x86_64, r-release-windows-x86_64