Last updated on 2024-06-30 00:59:30 CEST.
Flavor | Version | Tinstall | Tcheck | Ttotal | Status | Flags |
---|---|---|---|---|---|---|
r-devel-linux-x86_64-debian-clang | 1.0.0 | 6.35 | 56.32 | 62.67 | NOTE | |
r-devel-linux-x86_64-debian-gcc | 1.0.0 | 4.48 | 42.45 | 46.93 | NOTE | |
r-devel-linux-x86_64-fedora-clang | 1.0.0 | 77.89 | NOTE | |||
r-devel-linux-x86_64-fedora-gcc | 1.0.0 | 86.41 | NOTE | |||
r-devel-windows-x86_64 | 1.0.0 | 6.00 | 74.00 | 80.00 | NOTE | |
r-patched-linux-x86_64 | 1.0.0 | 5.91 | 52.56 | 58.47 | NOTE | |
r-release-linux-x86_64 | 1.0.0 | 6.38 | 53.05 | 59.43 | NOTE | |
r-release-macos-arm64 | 1.0.0 | 32.00 | OK | |||
r-release-macos-x86_64 | 1.0.0 | 47.00 | OK | |||
r-release-windows-x86_64 | 1.0.0 | 6.00 | 75.00 | 81.00 | NOTE | |
r-oldrel-macos-arm64 | 1.0.0 | 44.00 | OK | |||
r-oldrel-macos-x86_64 | 1.0.0 | 74.00 | OK | |||
r-oldrel-windows-x86_64 | 1.0.0 | 7.00 | 80.00 | 87.00 | OK |
Version: 1.0.0
Check: HTML version of manual
Result: NOTE
Found the following HTML validation problems:
get_logger.html:57:1 (get_logger.Rd:21): Warning: trimming empty <dt>
Flavors: r-devel-linux-x86_64-debian-clang, r-devel-linux-x86_64-debian-gcc, r-devel-linux-x86_64-fedora-clang, r-devel-linux-x86_64-fedora-gcc, r-devel-windows-x86_64, r-patched-linux-x86_64, r-release-linux-x86_64, r-release-windows-x86_64