Last updated on 2024-06-30 00:59:30 CEST.
Flavor | Version | Tinstall | Tcheck | Ttotal | Status | Flags |
---|---|---|---|---|---|---|
r-devel-linux-x86_64-debian-clang | 0.1.0 | 30.36 | 302.84 | 333.20 | NOTE | |
r-devel-linux-x86_64-debian-gcc | 0.1.0 | 22.97 | 217.70 | 240.67 | NOTE | |
r-devel-linux-x86_64-fedora-clang | 0.1.0 | 408.02 | NOTE | |||
r-devel-linux-x86_64-fedora-gcc | 0.1.0 | 381.44 | NOTE | |||
r-devel-windows-x86_64 | 0.1.0 | 24.00 | 177.00 | 201.00 | NOTE | |
r-patched-linux-x86_64 | 0.1.0 | 32.47 | 289.00 | 321.47 | NOTE | |
r-release-linux-x86_64 | 0.1.0 | 26.12 | 284.87 | 310.99 | NOTE | |
r-release-macos-arm64 | 0.1.0 | 81.00 | NOTE | |||
r-release-macos-x86_64 | 0.1.0 | 137.00 | NOTE | |||
r-release-windows-x86_64 | 0.1.0 | 25.00 | 177.00 | 202.00 | NOTE | |
r-oldrel-macos-arm64 | 0.1.0 | 90.00 | NOTE | |||
r-oldrel-macos-x86_64 | 0.1.0 | 180.00 | NOTE | |||
r-oldrel-windows-x86_64 | 0.1.0 | 35.00 | 250.00 | 285.00 | NOTE |
Version: 0.1.0
Check: LazyData
Result: NOTE
'LazyData' is specified without a 'data' directory
Flavors: r-devel-linux-x86_64-debian-clang, r-devel-linux-x86_64-debian-gcc, r-devel-linux-x86_64-fedora-clang, r-devel-linux-x86_64-fedora-gcc, r-devel-windows-x86_64, r-patched-linux-x86_64, r-release-linux-x86_64, r-release-macos-arm64, r-release-macos-x86_64, r-release-windows-x86_64, r-oldrel-macos-arm64, r-oldrel-macos-x86_64, r-oldrel-windows-x86_64