Last updated on 2024-06-30 00:59:30 CEST.
Flavor | Version | Tinstall | Tcheck | Ttotal | Status | Flags |
---|---|---|---|---|---|---|
r-devel-linux-x86_64-debian-clang | 4.0.3 | 15.20 | 334.97 | 350.17 | OK | |
r-devel-linux-x86_64-debian-gcc | 4.0.3 | 10.27 | 240.46 | 250.73 | OK | |
r-devel-linux-x86_64-fedora-clang | 4.0.3 | 456.47 | OK | |||
r-devel-linux-x86_64-fedora-gcc | 4.0.3 | 416.69 | OK | |||
r-devel-windows-x86_64 | 4.0.3 | 11.00 | 222.00 | 233.00 | OK | |
r-patched-linux-x86_64 | 4.0.3 | 11.83 | 312.77 | 324.60 | OK | |
r-release-linux-x86_64 | 4.0.3 | 11.98 | 316.00 | 327.98 | OK | |
r-release-macos-arm64 | 4.0.3 | 112.00 | NOTE | |||
r-release-macos-x86_64 | 4.0.3 | 170.00 | OK | |||
r-release-windows-x86_64 | 4.0.3 | 11.00 | 223.00 | 234.00 | OK | |
r-oldrel-macos-arm64 | 4.0.3 | 115.00 | OK | |||
r-oldrel-macos-x86_64 | 4.0.3 | 294.00 | OK | |||
r-oldrel-windows-x86_64 | 4.0.3 | 15.00 | 302.00 | 317.00 | OK |
Version: 4.0.3
Check: package dependencies
Result: NOTE
Package suggested but not available for checking: ‘glmmTMB’
Flavor: r-release-macos-arm64